{"id":1434,"date":"2026-02-23T19:17:06","date_gmt":"2026-02-23T18:17:06","guid":{"rendered":"https:\/\/partygo.waw.pl\/?post_type=product&#038;p=1434"},"modified":"2026-03-04T15:51:18","modified_gmt":"2026-03-04T14:51:18","slug":"bukiet-balonowy-z-okazji-komunii-swietej-z-helem","status":"publish","type":"product","link":"https:\/\/partygo.waw.pl\/index.php\/product\/bukiet-balonowy-z-okazji-komunii-swietej-z-helem\/","title":{"rendered":"Bukiet balonowy z okazji Komunii \u015awi\u0119tej z helem"},"content":{"rendered":"<div class=\"flex flex-col text-sm\">\n<article class=\"text-token-text-primary w-full focus:outline-none [--shadow-height:45px] has-data-writing-block:pointer-events-none has-data-writing-block:-mt-(--shadow-height) has-data-writing-block:pt-(--shadow-height) [&amp;:has([data-writing-block])&gt;*]:pointer-events-auto scroll-mt-[calc(var(--header-height)+min(200px,max(70px,20svh)))]\" dir=\"auto\" tabindex=\"-1\" data-turn-id=\"request-6996e3e7-5b08-8330-9d2d-c4db58b944d0-10\" data-testid=\"conversation-turn-38\" data-scroll-anchor=\"true\" data-turn=\"assistant\">\n<div class=\"text-base my-auto mx-auto pb-10 [--thread-content-margin:--spacing(4)] @w-sm\/main:[--thread-content-margin:--spacing(6)] @w-lg\/main:[--thread-content-margin:--spacing(16)] px-(--thread-content-margin)\">\n<div class=\"[--thread-content-max-width:40rem] @w-lg\/main:[--thread-content-max-width:48rem] mx-auto max-w-(--thread-content-max-width) flex-1 group\/turn-messages focus-visible:outline-hidden relative flex w-full min-w-0 flex-col agent-turn\" tabindex=\"-1\">\n<div class=\"flex max-w-full flex-col grow\">\n<div class=\"min-h-8 text-message relative flex w-full flex-col items-end gap-2 text-start break-words whitespace-normal [.text-message+&amp;]:mt-1\" dir=\"auto\" data-message-author-role=\"assistant\" data-message-id=\"8f15f2f9-d7a5-4233-9832-cff34e5ee56c\" data-message-model-slug=\"gpt-5-2\">\n<div class=\"flex w-full flex-col gap-1 empty:hidden first:pt-[1px]\">\n<div class=\"markdown prose dark:prose-invert w-full wrap-break-word light markdown-new-styling\">\n<h2 data-start=\"101\" data-end=\"309\">Bukiet balonowy z okazji Komunii \u015awi\u0119tej z helem<\/h2>\n<p>Elegancka kompozycja balonowa podkre\u015blaj\u0105ca wyj\u0105tkowy charakter uroczysto\u015bci Pierwszej Komunii \u015awi\u0119tej. Subtelny motyw go\u0142\u0119bia w po\u0142\u0105czeniu z personalizowanym sercem tworzy estetyczn\u0105 i symboliczn\u0105 dekoracj\u0119.<\/p>\n<h3 data-start=\"311\" data-end=\"330\"><strong data-start=\"311\" data-end=\"330\">Zestaw zawiera:<\/strong><\/h3>\n<ul data-start=\"331\" data-end=\"468\">\n<li data-start=\"331\" data-end=\"356\">Balon foliowy \u201eGo\u0142\u0105b\u201d<\/li>\n<li data-start=\"357\" data-end=\"423\">Balon foliowy w kszta\u0142cie serca ze spersonalizowanym nadrukiem<\/li>\n<li data-start=\"424\" data-end=\"446\">4 balony lateksowe<\/li>\n<li data-start=\"447\" data-end=\"468\">Pompowanie helem<\/li>\n<\/ul>\n<p>Bukiet doskonale sprawdzi si\u0119 jako dekoracja podczas przyj\u0119cia w sali bankietowej, restauracji lub w domu. Personalizacja (imi\u0119 dziecka, data uroczysto\u015bci) nadaje kompozycji indywidualny charakter.Mo\u017cliwo\u015b\u0107 dopasowania kolorystyki balon\u00f3w do motywu przewodniego przyj\u0119cia.<\/p><\/div>\n<\/div>\n<\/div>\n<\/div>\n<div class=\"z-0 flex min-h-[46px] justify-start\"><\/div>\n<div class=\"mt-3 w-full empty:hidden\">\n<div class=\"text-center\"><\/div>\n<\/div>\n<\/div>\n<\/div>\n<\/article>\n<\/div>\n<div class=\"pointer-events-none h-px w-px absolute bottom-0\" aria-hidden=\"true\" data-edge=\"true\"><\/div>\n","protected":false},"excerpt":{"rendered":"<p>Bukiet balonowy z okazji Komunii \u015awi\u0119tej z helem Elegancka kompozycja balonowa podkre\u015blaj\u0105ca wyj\u0105tkowy charakter uroczysto\u015bci Pierwszej Komunii \u015awi\u0119tej. Subtelny motyw go\u0142\u0119bia w po\u0142\u0105czeniu z personalizowanym sercem tworzy estetyczn\u0105 i symboliczn\u0105 dekoracj\u0119. Zestaw zawiera: Balon foliowy \u201eGo\u0142\u0105b\u201d Balon foliowy w kszta\u0142cie serca ze spersonalizowanym nadrukiem 4 balony lateksowe Pompowanie helem Bukiet doskonale sprawdzi si\u0119 jako dekoracja&hellip;&nbsp;<a href=\"https:\/\/partygo.waw.pl\/index.php\/product\/bukiet-balonowy-z-okazji-komunii-swietej-z-helem\/\" class=\"\" rel=\"bookmark\">Czytaj dalej &raquo;<span class=\"screen-reader-text\">Bukiet balonowy z okazji Komunii \u015awi\u0119tej z helem<\/span><\/a><\/p>\n","protected":false},"featured_media":1418,"comment_status":"open","ping_status":"closed","template":"","meta":{"neve_meta_sidebar":"","neve_meta_container":"","neve_meta_enable_content_width":"off","neve_meta_content_width":100,"neve_meta_title_alignment":"","neve_meta_author_avatar":"","neve_post_elements_order":"","neve_meta_disable_header":"","neve_meta_disable_footer":"","neve_meta_disable_title":"","_vp_format_video_url":"","_vp_image_focal_point":[]},"product_brand":[],"product_cat":[41,40],"product_tag":[],"class_list":{"0":"post-1434","1":"product","2":"type-product","3":"status-publish","4":"has-post-thumbnail","6":"product_cat-komunia-swieta","7":"product_cat-misc","9":"first","10":"onbackorder","11":"shipping-taxable","12":"product-type-simple"},"yoast_head":"<!-- This site is optimized with the Yoast SEO plugin v27.3 - https:\/\/yoast.com\/product\/yoast-seo-wordpress\/ -->\n<title>Bukiet balonowy z okazji Komunii \u015awi\u0119tej z helem - PartyGo<\/title>\n<meta name=\"description\" content=\"Elegancka kompozycja balonowa podkre\u015blaj\u0105ca wyj\u0105tkowy charakter uroczysto\u015bci Pierwszej Komunii \u015awi\u0119tej. Subtelny motyw go\u0142\u0119bia w po\u0142\u0105czeniu z personalizowanym sercem tworzy estetyczn\u0105 i symboliczn\u0105 dekoracj\u0119.Zestaw zawiera:Balon foliowy \u201eGo\u0142\u0105b\u201dBalon foliowy w kszta\u0142cie serca ze spersonalizowanym nadrukiem4 balony lateksowePompowanie helemBukiet doskonale sprawdzi si\u0119 jako dekoracja podczas przyj\u0119cia w sali bankietowej, restauracji lub w domu. Personalizacja (imi\u0119 dziecka, data uroczysto\u015bci) nadaje kompozycji indywidualny charakter.Mo\u017cliwo\u015b\u0107 dopasowania kolorystyki balon\u00f3w do motywu przewodniego przyj\u0119cia.\" \/>\n<meta name=\"robots\" content=\"index, follow, max-snippet:-1, max-image-preview:large, max-video-preview:-1\" \/>\n<link rel=\"canonical\" href=\"https:\/\/partygo.waw.pl\/index.php\/product\/bukiet-balonowy-z-okazji-komunii-swietej-z-helem\/\" \/>\n<meta property=\"og:locale\" content=\"pl_PL\" \/>\n<meta property=\"og:type\" content=\"article\" \/>\n<meta property=\"og:title\" content=\"Bukiet balonowy z okazji Komunii \u015awi\u0119tej z helem - PartyGo\" \/>\n<meta property=\"og:description\" content=\"Elegancka kompozycja balonowa podkre\u015blaj\u0105ca wyj\u0105tkowy charakter uroczysto\u015bci Pierwszej Komunii \u015awi\u0119tej. Subtelny motyw go\u0142\u0119bia w po\u0142\u0105czeniu z personalizowanym sercem tworzy estetyczn\u0105 i symboliczn\u0105 dekoracj\u0119.Zestaw zawiera:Balon foliowy \u201eGo\u0142\u0105b\u201dBalon foliowy w kszta\u0142cie serca ze spersonalizowanym nadrukiem4 balony lateksowePompowanie helemBukiet doskonale sprawdzi si\u0119 jako dekoracja podczas przyj\u0119cia w sali bankietowej, restauracji lub w domu. Personalizacja (imi\u0119 dziecka, data uroczysto\u015bci) nadaje kompozycji indywidualny charakter.Mo\u017cliwo\u015b\u0107 dopasowania kolorystyki balon\u00f3w do motywu przewodniego przyj\u0119cia.\" \/>\n<meta property=\"og:url\" content=\"https:\/\/partygo.waw.pl\/index.php\/product\/bukiet-balonowy-z-okazji-komunii-swietej-z-helem\/\" \/>\n<meta property=\"og:site_name\" content=\"PartyGo\" \/>\n<meta property=\"article:publisher\" content=\"https:\/\/www.facebook.com\/people\/Party-Go-Warszawa\/\" \/>\n<meta property=\"article:modified_time\" content=\"2026-03-04T14:51:18+00:00\" \/>\n<meta property=\"og:image\" content=\"https:\/\/partygo.waw.pl\/wp-content\/uploads\/2026\/02\/IMG-20260217-WA0043.jpg\" \/>\n\t<meta property=\"og:image:width\" content=\"1204\" \/>\n\t<meta property=\"og:image:height\" content=\"1600\" \/>\n\t<meta property=\"og:image:type\" content=\"image\/jpeg\" \/>\n<meta name=\"twitter:card\" content=\"summary_large_image\" \/>\n<meta name=\"twitter:label1\" content=\"Szacowany czas czytania\" \/>\n\t<meta name=\"twitter:data1\" content=\"1 minuta\" \/>\n<script type=\"application\/ld+json\" class=\"yoast-schema-graph\">{\"@context\":\"https:\\\/\\\/schema.org\",\"@graph\":[{\"@type\":\"WebPage\",\"@id\":\"https:\\\/\\\/partygo.waw.pl\\\/index.php\\\/product\\\/bukiet-balonowy-z-okazji-komunii-swietej-z-helem\\\/\",\"url\":\"https:\\\/\\\/partygo.waw.pl\\\/index.php\\\/product\\\/bukiet-balonowy-z-okazji-komunii-swietej-z-helem\\\/\",\"name\":\"Bukiet balonowy z okazji Komunii \u015awi\u0119tej z helem - PartyGo\",\"isPartOf\":{\"@id\":\"https:\\\/\\\/partygo.waw.pl\\\/#website\"},\"primaryImageOfPage\":{\"@id\":\"https:\\\/\\\/partygo.waw.pl\\\/index.php\\\/product\\\/bukiet-balonowy-z-okazji-komunii-swietej-z-helem\\\/#primaryimage\"},\"image\":{\"@id\":\"https:\\\/\\\/partygo.waw.pl\\\/index.php\\\/product\\\/bukiet-balonowy-z-okazji-komunii-swietej-z-helem\\\/#primaryimage\"},\"thumbnailUrl\":\"https:\\\/\\\/partygo.waw.pl\\\/wp-content\\\/uploads\\\/2026\\\/02\\\/IMG-20260217-WA0043.jpg\",\"datePublished\":\"2026-02-23T18:17:06+00:00\",\"dateModified\":\"2026-03-04T14:51:18+00:00\",\"description\":\"Elegancka kompozycja balonowa podkre\u015blaj\u0105ca wyj\u0105tkowy charakter uroczysto\u015bci Pierwszej Komunii \u015awi\u0119tej. Subtelny motyw go\u0142\u0119bia w po\u0142\u0105czeniu z personalizowanym sercem tworzy estetyczn\u0105 i symboliczn\u0105 dekoracj\u0119.Zestaw zawiera:Balon foliowy \u201eGo\u0142\u0105b\u201dBalon foliowy w kszta\u0142cie serca ze spersonalizowanym nadrukiem4 balony lateksowePompowanie helemBukiet doskonale sprawdzi si\u0119 jako dekoracja podczas przyj\u0119cia w sali bankietowej, restauracji lub w domu. Personalizacja (imi\u0119 dziecka, data uroczysto\u015bci) nadaje kompozycji indywidualny charakter.Mo\u017cliwo\u015b\u0107 dopasowania kolorystyki balon\u00f3w do motywu przewodniego przyj\u0119cia.\",\"breadcrumb\":{\"@id\":\"https:\\\/\\\/partygo.waw.pl\\\/index.php\\\/product\\\/bukiet-balonowy-z-okazji-komunii-swietej-z-helem\\\/#breadcrumb\"},\"inLanguage\":\"pl-PL\",\"potentialAction\":[{\"@type\":\"ReadAction\",\"target\":[\"https:\\\/\\\/partygo.waw.pl\\\/index.php\\\/product\\\/bukiet-balonowy-z-okazji-komunii-swietej-z-helem\\\/\"]}]},{\"@type\":\"ImageObject\",\"inLanguage\":\"pl-PL\",\"@id\":\"https:\\\/\\\/partygo.waw.pl\\\/index.php\\\/product\\\/bukiet-balonowy-z-okazji-komunii-swietej-z-helem\\\/#primaryimage\",\"url\":\"https:\\\/\\\/partygo.waw.pl\\\/wp-content\\\/uploads\\\/2026\\\/02\\\/IMG-20260217-WA0043.jpg\",\"contentUrl\":\"https:\\\/\\\/partygo.waw.pl\\\/wp-content\\\/uploads\\\/2026\\\/02\\\/IMG-20260217-WA0043.jpg\",\"width\":1204,\"height\":1600},{\"@type\":\"BreadcrumbList\",\"@id\":\"https:\\\/\\\/partygo.waw.pl\\\/index.php\\\/product\\\/bukiet-balonowy-z-okazji-komunii-swietej-z-helem\\\/#breadcrumb\",\"itemListElement\":[{\"@type\":\"ListItem\",\"position\":1,\"name\":\"Strona g\u0142\u00f3wna\",\"item\":\"https:\\\/\\\/partygo.waw.pl\\\/\"},{\"@type\":\"ListItem\",\"position\":2,\"name\":\"Galeria&#038;Sklep\",\"item\":\"https:\\\/\\\/partygo.waw.pl\\\/index.php\\\/sklep\\\/\"},{\"@type\":\"ListItem\",\"position\":3,\"name\":\"Bukiet balonowy z okazji Komunii \u015awi\u0119tej z helem\"}]},{\"@type\":\"WebSite\",\"@id\":\"https:\\\/\\\/partygo.waw.pl\\\/#website\",\"url\":\"https:\\\/\\\/partygo.waw.pl\\\/\",\"name\":\"PartyGo\",\"description\":\"Balony i dekoracje Warszawa Legionowo\",\"publisher\":{\"@id\":\"https:\\\/\\\/partygo.waw.pl\\\/#organization\"},\"potentialAction\":[{\"@type\":\"SearchAction\",\"target\":{\"@type\":\"EntryPoint\",\"urlTemplate\":\"https:\\\/\\\/partygo.waw.pl\\\/?s={search_term_string}\"},\"query-input\":{\"@type\":\"PropertyValueSpecification\",\"valueRequired\":true,\"valueName\":\"search_term_string\"}}],\"inLanguage\":\"pl-PL\"},{\"@type\":\"Organization\",\"@id\":\"https:\\\/\\\/partygo.waw.pl\\\/#organization\",\"name\":\"PartyGo\",\"url\":\"https:\\\/\\\/partygo.waw.pl\\\/\",\"logo\":{\"@type\":\"ImageObject\",\"inLanguage\":\"pl-PL\",\"@id\":\"https:\\\/\\\/partygo.waw.pl\\\/#\\\/schema\\\/logo\\\/image\\\/\",\"url\":\"https:\\\/\\\/partygo.waw.pl\\\/wp-content\\\/uploads\\\/2022\\\/10\\\/logo_party-2.jpg\",\"contentUrl\":\"https:\\\/\\\/partygo.waw.pl\\\/wp-content\\\/uploads\\\/2022\\\/10\\\/logo_party-2.jpg\",\"width\":300,\"height\":300,\"caption\":\"PartyGo\"},\"image\":{\"@id\":\"https:\\\/\\\/partygo.waw.pl\\\/#\\\/schema\\\/logo\\\/image\\\/\"},\"sameAs\":[\"https:\\\/\\\/www.facebook.com\\\/people\\\/Party-Go-Warszawa\\\/\"]}]}<\/script>\n<!-- \/ Yoast SEO plugin. -->","yoast_head_json":{"title":"Bukiet balonowy z okazji Komunii \u015awi\u0119tej z helem - PartyGo","description":"Elegancka kompozycja balonowa podkre\u015blaj\u0105ca wyj\u0105tkowy charakter uroczysto\u015bci Pierwszej Komunii \u015awi\u0119tej. Subtelny motyw go\u0142\u0119bia w po\u0142\u0105czeniu z personalizowanym sercem tworzy estetyczn\u0105 i symboliczn\u0105 dekoracj\u0119.Zestaw zawiera:Balon foliowy \u201eGo\u0142\u0105b\u201dBalon foliowy w kszta\u0142cie serca ze spersonalizowanym nadrukiem4 balony lateksowePompowanie helemBukiet doskonale sprawdzi si\u0119 jako dekoracja podczas przyj\u0119cia w sali bankietowej, restauracji lub w domu. Personalizacja (imi\u0119 dziecka, data uroczysto\u015bci) nadaje kompozycji indywidualny charakter.Mo\u017cliwo\u015b\u0107 dopasowania kolorystyki balon\u00f3w do motywu przewodniego przyj\u0119cia.","robots":{"index":"index","follow":"follow","max-snippet":"max-snippet:-1","max-image-preview":"max-image-preview:large","max-video-preview":"max-video-preview:-1"},"canonical":"https:\/\/partygo.waw.pl\/index.php\/product\/bukiet-balonowy-z-okazji-komunii-swietej-z-helem\/","og_locale":"pl_PL","og_type":"article","og_title":"Bukiet balonowy z okazji Komunii \u015awi\u0119tej z helem - PartyGo","og_description":"Elegancka kompozycja balonowa podkre\u015blaj\u0105ca wyj\u0105tkowy charakter uroczysto\u015bci Pierwszej Komunii \u015awi\u0119tej. Subtelny motyw go\u0142\u0119bia w po\u0142\u0105czeniu z personalizowanym sercem tworzy estetyczn\u0105 i symboliczn\u0105 dekoracj\u0119.Zestaw zawiera:Balon foliowy \u201eGo\u0142\u0105b\u201dBalon foliowy w kszta\u0142cie serca ze spersonalizowanym nadrukiem4 balony lateksowePompowanie helemBukiet doskonale sprawdzi si\u0119 jako dekoracja podczas przyj\u0119cia w sali bankietowej, restauracji lub w domu. Personalizacja (imi\u0119 dziecka, data uroczysto\u015bci) nadaje kompozycji indywidualny charakter.Mo\u017cliwo\u015b\u0107 dopasowania kolorystyki balon\u00f3w do motywu przewodniego przyj\u0119cia.","og_url":"https:\/\/partygo.waw.pl\/index.php\/product\/bukiet-balonowy-z-okazji-komunii-swietej-z-helem\/","og_site_name":"PartyGo","article_publisher":"https:\/\/www.facebook.com\/people\/Party-Go-Warszawa\/","article_modified_time":"2026-03-04T14:51:18+00:00","og_image":[{"width":1204,"height":1600,"url":"https:\/\/partygo.waw.pl\/wp-content\/uploads\/2026\/02\/IMG-20260217-WA0043.jpg","type":"image\/jpeg"}],"twitter_card":"summary_large_image","twitter_misc":{"Szacowany czas czytania":"1 minuta"},"schema":{"@context":"https:\/\/schema.org","@graph":[{"@type":"WebPage","@id":"https:\/\/partygo.waw.pl\/index.php\/product\/bukiet-balonowy-z-okazji-komunii-swietej-z-helem\/","url":"https:\/\/partygo.waw.pl\/index.php\/product\/bukiet-balonowy-z-okazji-komunii-swietej-z-helem\/","name":"Bukiet balonowy z okazji Komunii \u015awi\u0119tej z helem - PartyGo","isPartOf":{"@id":"https:\/\/partygo.waw.pl\/#website"},"primaryImageOfPage":{"@id":"https:\/\/partygo.waw.pl\/index.php\/product\/bukiet-balonowy-z-okazji-komunii-swietej-z-helem\/#primaryimage"},"image":{"@id":"https:\/\/partygo.waw.pl\/index.php\/product\/bukiet-balonowy-z-okazji-komunii-swietej-z-helem\/#primaryimage"},"thumbnailUrl":"https:\/\/partygo.waw.pl\/wp-content\/uploads\/2026\/02\/IMG-20260217-WA0043.jpg","datePublished":"2026-02-23T18:17:06+00:00","dateModified":"2026-03-04T14:51:18+00:00","description":"Elegancka kompozycja balonowa podkre\u015blaj\u0105ca wyj\u0105tkowy charakter uroczysto\u015bci Pierwszej Komunii \u015awi\u0119tej. Subtelny motyw go\u0142\u0119bia w po\u0142\u0105czeniu z personalizowanym sercem tworzy estetyczn\u0105 i symboliczn\u0105 dekoracj\u0119.Zestaw zawiera:Balon foliowy \u201eGo\u0142\u0105b\u201dBalon foliowy w kszta\u0142cie serca ze spersonalizowanym nadrukiem4 balony lateksowePompowanie helemBukiet doskonale sprawdzi si\u0119 jako dekoracja podczas przyj\u0119cia w sali bankietowej, restauracji lub w domu. Personalizacja (imi\u0119 dziecka, data uroczysto\u015bci) nadaje kompozycji indywidualny charakter.Mo\u017cliwo\u015b\u0107 dopasowania kolorystyki balon\u00f3w do motywu przewodniego przyj\u0119cia.","breadcrumb":{"@id":"https:\/\/partygo.waw.pl\/index.php\/product\/bukiet-balonowy-z-okazji-komunii-swietej-z-helem\/#breadcrumb"},"inLanguage":"pl-PL","potentialAction":[{"@type":"ReadAction","target":["https:\/\/partygo.waw.pl\/index.php\/product\/bukiet-balonowy-z-okazji-komunii-swietej-z-helem\/"]}]},{"@type":"ImageObject","inLanguage":"pl-PL","@id":"https:\/\/partygo.waw.pl\/index.php\/product\/bukiet-balonowy-z-okazji-komunii-swietej-z-helem\/#primaryimage","url":"https:\/\/partygo.waw.pl\/wp-content\/uploads\/2026\/02\/IMG-20260217-WA0043.jpg","contentUrl":"https:\/\/partygo.waw.pl\/wp-content\/uploads\/2026\/02\/IMG-20260217-WA0043.jpg","width":1204,"height":1600},{"@type":"BreadcrumbList","@id":"https:\/\/partygo.waw.pl\/index.php\/product\/bukiet-balonowy-z-okazji-komunii-swietej-z-helem\/#breadcrumb","itemListElement":[{"@type":"ListItem","position":1,"name":"Strona g\u0142\u00f3wna","item":"https:\/\/partygo.waw.pl\/"},{"@type":"ListItem","position":2,"name":"Galeria&#038;Sklep","item":"https:\/\/partygo.waw.pl\/index.php\/sklep\/"},{"@type":"ListItem","position":3,"name":"Bukiet balonowy z okazji Komunii \u015awi\u0119tej z helem"}]},{"@type":"WebSite","@id":"https:\/\/partygo.waw.pl\/#website","url":"https:\/\/partygo.waw.pl\/","name":"PartyGo","description":"Balony i dekoracje Warszawa Legionowo","publisher":{"@id":"https:\/\/partygo.waw.pl\/#organization"},"potentialAction":[{"@type":"SearchAction","target":{"@type":"EntryPoint","urlTemplate":"https:\/\/partygo.waw.pl\/?s={search_term_string}"},"query-input":{"@type":"PropertyValueSpecification","valueRequired":true,"valueName":"search_term_string"}}],"inLanguage":"pl-PL"},{"@type":"Organization","@id":"https:\/\/partygo.waw.pl\/#organization","name":"PartyGo","url":"https:\/\/partygo.waw.pl\/","logo":{"@type":"ImageObject","inLanguage":"pl-PL","@id":"https:\/\/partygo.waw.pl\/#\/schema\/logo\/image\/","url":"https:\/\/partygo.waw.pl\/wp-content\/uploads\/2022\/10\/logo_party-2.jpg","contentUrl":"https:\/\/partygo.waw.pl\/wp-content\/uploads\/2022\/10\/logo_party-2.jpg","width":300,"height":300,"caption":"PartyGo"},"image":{"@id":"https:\/\/partygo.waw.pl\/#\/schema\/logo\/image\/"},"sameAs":["https:\/\/www.facebook.com\/people\/Party-Go-Warszawa\/"]}]}},"_links":{"self":[{"href":"https:\/\/partygo.waw.pl\/index.php\/wp-json\/wp\/v2\/product\/1434","targetHints":{"allow":["GET"]}}],"collection":[{"href":"https:\/\/partygo.waw.pl\/index.php\/wp-json\/wp\/v2\/product"}],"about":[{"href":"https:\/\/partygo.waw.pl\/index.php\/wp-json\/wp\/v2\/types\/product"}],"replies":[{"embeddable":true,"href":"https:\/\/partygo.waw.pl\/index.php\/wp-json\/wp\/v2\/comments?post=1434"}],"wp:featuredmedia":[{"embeddable":true,"href":"https:\/\/partygo.waw.pl\/index.php\/wp-json\/wp\/v2\/media\/1418"}],"wp:attachment":[{"href":"https:\/\/partygo.waw.pl\/index.php\/wp-json\/wp\/v2\/media?parent=1434"}],"wp:term":[{"taxonomy":"product_brand","embeddable":true,"href":"https:\/\/partygo.waw.pl\/index.php\/wp-json\/wp\/v2\/product_brand?post=1434"},{"taxonomy":"product_cat","embeddable":true,"href":"https:\/\/partygo.waw.pl\/index.php\/wp-json\/wp\/v2\/product_cat?post=1434"},{"taxonomy":"product_tag","embeddable":true,"href":"https:\/\/partygo.waw.pl\/index.php\/wp-json\/wp\/v2\/product_tag?post=1434"}],"curies":[{"name":"wp","href":"https:\/\/api.w.org\/{rel}","templated":true}]}}