{"id":1472,"date":"2026-02-25T16:46:20","date_gmt":"2026-02-25T15:46:20","guid":{"rendered":"https:\/\/partygo.waw.pl\/?post_type=product&#038;p=1472"},"modified":"2026-03-04T17:26:39","modified_gmt":"2026-03-04T16:26:39","slug":"kompozycja-balonowa-na-roczek-z-helem","status":"publish","type":"product","link":"https:\/\/partygo.waw.pl\/index.php\/product\/kompozycja-balonowa-na-roczek-z-helem\/","title":{"rendered":"Kompozycja balonowa na Roczek z helem"},"content":{"rendered":"<h2 data-start=\"90\" data-end=\"284\">Kompozycja balonowa na Roczek z helem<\/h2>\n<p>Subtelna i stylowa dekoracja idealna na pierwsze urodziny dziecka. Be\u017cowa kolorystyka nadaje kompozycji elegancji i sprawia, \u017ce doskonale wpisuje si\u0119 w nowoczesne, stonowane aran\u017cacje przyj\u0119cia.<\/p>\n<h3 data-start=\"286\" data-end=\"305\"><strong data-start=\"286\" data-end=\"305\">Zestaw zawiera:<\/strong><\/h3>\n<ul data-start=\"306\" data-end=\"436\">\n<li data-start=\"306\" data-end=\"351\">Balon foliowy cyfra \u201e1\u201d w kolorze be\u017cowym<\/li>\n<li data-start=\"352\" data-end=\"387\">Balon foliowy w kszta\u0142cie serca<\/li>\n<li data-start=\"388\" data-end=\"414\">12 balon\u00f3w lateksowych<\/li>\n<li data-start=\"415\" data-end=\"436\">Pompowanie helem<\/li>\n<\/ul>\n<p>Kompozycja \u015bwietnie sprawdzi si\u0119 jako dekoracja przyj\u0119cia, ozdoba pokoju dziecka lub element sesji zdj\u0119ciowej. Tworzy efektown\u0105, unosz\u0105c\u0105 si\u0119 aran\u017cacj\u0119 i pi\u0119kne t\u0142o do pami\u0105tkowych fotografii.<\/p>\n<p>Mo\u017cliwo\u015b\u0107 dopasowania kolorystyki balon\u00f3w do motywu przewodniego uroczysto\u015bci oraz rozszerzenia zestawu o personalizacj\u0119.<\/p>\n","protected":false},"excerpt":{"rendered":"<p>Kompozycja balonowa na Roczek z helem Subtelna i stylowa dekoracja idealna na pierwsze urodziny dziecka. Be\u017cowa kolorystyka nadaje kompozycji elegancji i sprawia, \u017ce doskonale wpisuje si\u0119 w nowoczesne, stonowane aran\u017cacje przyj\u0119cia. Zestaw zawiera: Balon foliowy cyfra \u201e1\u201d w kolorze be\u017cowym Balon foliowy w kszta\u0142cie serca 12 balon\u00f3w lateksowych Pompowanie helem Kompozycja \u015bwietnie sprawdzi si\u0119 jako&hellip;&nbsp;<a href=\"https:\/\/partygo.waw.pl\/index.php\/product\/kompozycja-balonowa-na-roczek-z-helem\/\" class=\"\" rel=\"bookmark\">Czytaj dalej &raquo;<span class=\"screen-reader-text\">Kompozycja balonowa na Roczek z helem<\/span><\/a><\/p>\n","protected":false},"featured_media":1397,"comment_status":"open","ping_status":"closed","template":"","meta":{"neve_meta_sidebar":"","neve_meta_container":"","neve_meta_enable_content_width":"off","neve_meta_content_width":100,"neve_meta_title_alignment":"","neve_meta_author_avatar":"","neve_post_elements_order":"","neve_meta_disable_header":"","neve_meta_disable_footer":"","neve_meta_disable_title":"","_vp_format_video_url":"","_vp_image_focal_point":[]},"product_brand":[],"product_cat":[40,43],"product_tag":[],"class_list":{"0":"post-1472","1":"product","2":"type-product","3":"status-publish","4":"has-post-thumbnail","6":"product_cat-misc","7":"product_cat-roczek","9":"first","10":"onbackorder","11":"shipping-taxable","12":"product-type-simple"},"yoast_head":"<!-- This site is optimized with the Yoast SEO plugin v27.3 - https:\/\/yoast.com\/product\/yoast-seo-wordpress\/ -->\n<title>Kompozycja balonowa na Roczek z helem - PartyGo<\/title>\n<meta name=\"description\" content=\"Subtelna i stylowa dekoracja idealna na pierwsze urodziny dziecka. Be\u017cowa kolorystyka nadaje kompozycji elegancji i sprawia, \u017ce doskonale wpisuje si\u0119 w nowoczesne, stonowane aran\u017cacje przyj\u0119cia.Zestaw zawiera:Balon foliowy cyfra \u201e1\u201d w kolorze be\u017cowymBalon foliowy w kszta\u0142cie serca12 balon\u00f3w lateksowychPompowanie helemKompozycja \u015bwietnie sprawdzi si\u0119 jako dekoracja przyj\u0119cia, ozdoba pokoju dziecka lub element sesji zdj\u0119ciowej. Tworzy efektown\u0105, unosz\u0105c\u0105 si\u0119 aran\u017cacj\u0119 i pi\u0119kne t\u0142o do pami\u0105tkowych fotografii.Mo\u017cliwo\u015b\u0107 dopasowania kolorystyki balon\u00f3w do motywu przewodniego uroczysto\u015bci oraz rozszerzenia zestawu o personalizacj\u0119.\" \/>\n<meta name=\"robots\" content=\"index, follow, max-snippet:-1, max-image-preview:large, max-video-preview:-1\" \/>\n<link rel=\"canonical\" href=\"https:\/\/partygo.waw.pl\/index.php\/product\/kompozycja-balonowa-na-roczek-z-helem\/\" \/>\n<meta property=\"og:locale\" content=\"pl_PL\" \/>\n<meta property=\"og:type\" content=\"article\" \/>\n<meta property=\"og:title\" content=\"Kompozycja balonowa na Roczek z helem - PartyGo\" \/>\n<meta property=\"og:description\" content=\"Subtelna i stylowa dekoracja idealna na pierwsze urodziny dziecka. Be\u017cowa kolorystyka nadaje kompozycji elegancji i sprawia, \u017ce doskonale wpisuje si\u0119 w nowoczesne, stonowane aran\u017cacje przyj\u0119cia.Zestaw zawiera:Balon foliowy cyfra \u201e1\u201d w kolorze be\u017cowymBalon foliowy w kszta\u0142cie serca12 balon\u00f3w lateksowychPompowanie helemKompozycja \u015bwietnie sprawdzi si\u0119 jako dekoracja przyj\u0119cia, ozdoba pokoju dziecka lub element sesji zdj\u0119ciowej. Tworzy efektown\u0105, unosz\u0105c\u0105 si\u0119 aran\u017cacj\u0119 i pi\u0119kne t\u0142o do pami\u0105tkowych fotografii.Mo\u017cliwo\u015b\u0107 dopasowania kolorystyki balon\u00f3w do motywu przewodniego uroczysto\u015bci oraz rozszerzenia zestawu o personalizacj\u0119.\" \/>\n<meta property=\"og:url\" content=\"https:\/\/partygo.waw.pl\/index.php\/product\/kompozycja-balonowa-na-roczek-z-helem\/\" \/>\n<meta property=\"og:site_name\" content=\"PartyGo\" \/>\n<meta property=\"article:publisher\" content=\"https:\/\/www.facebook.com\/people\/Party-Go-Warszawa\/\" \/>\n<meta property=\"article:modified_time\" content=\"2026-03-04T16:26:39+00:00\" \/>\n<meta property=\"og:image\" content=\"https:\/\/partygo.waw.pl\/wp-content\/uploads\/2026\/02\/1000010906.jpg\" \/>\n\t<meta property=\"og:image:width\" content=\"900\" \/>\n\t<meta property=\"og:image:height\" content=\"1600\" \/>\n\t<meta property=\"og:image:type\" content=\"image\/jpeg\" \/>\n<meta name=\"twitter:card\" content=\"summary_large_image\" \/>\n<meta name=\"twitter:label1\" content=\"Szacowany czas czytania\" \/>\n\t<meta name=\"twitter:data1\" content=\"1 minuta\" \/>\n<script type=\"application\/ld+json\" class=\"yoast-schema-graph\">{\"@context\":\"https:\\\/\\\/schema.org\",\"@graph\":[{\"@type\":\"WebPage\",\"@id\":\"https:\\\/\\\/partygo.waw.pl\\\/index.php\\\/product\\\/kompozycja-balonowa-na-roczek-z-helem\\\/\",\"url\":\"https:\\\/\\\/partygo.waw.pl\\\/index.php\\\/product\\\/kompozycja-balonowa-na-roczek-z-helem\\\/\",\"name\":\"Kompozycja balonowa na Roczek z helem - PartyGo\",\"isPartOf\":{\"@id\":\"https:\\\/\\\/partygo.waw.pl\\\/#website\"},\"primaryImageOfPage\":{\"@id\":\"https:\\\/\\\/partygo.waw.pl\\\/index.php\\\/product\\\/kompozycja-balonowa-na-roczek-z-helem\\\/#primaryimage\"},\"image\":{\"@id\":\"https:\\\/\\\/partygo.waw.pl\\\/index.php\\\/product\\\/kompozycja-balonowa-na-roczek-z-helem\\\/#primaryimage\"},\"thumbnailUrl\":\"https:\\\/\\\/partygo.waw.pl\\\/wp-content\\\/uploads\\\/2026\\\/02\\\/1000010906.jpg\",\"datePublished\":\"2026-02-25T15:46:20+00:00\",\"dateModified\":\"2026-03-04T16:26:39+00:00\",\"description\":\"Subtelna i stylowa dekoracja idealna na pierwsze urodziny dziecka. Be\u017cowa kolorystyka nadaje kompozycji elegancji i sprawia, \u017ce doskonale wpisuje si\u0119 w nowoczesne, stonowane aran\u017cacje przyj\u0119cia.Zestaw zawiera:Balon foliowy cyfra \u201e1\u201d w kolorze be\u017cowymBalon foliowy w kszta\u0142cie serca12 balon\u00f3w lateksowychPompowanie helemKompozycja \u015bwietnie sprawdzi si\u0119 jako dekoracja przyj\u0119cia, ozdoba pokoju dziecka lub element sesji zdj\u0119ciowej. Tworzy efektown\u0105, unosz\u0105c\u0105 si\u0119 aran\u017cacj\u0119 i pi\u0119kne t\u0142o do pami\u0105tkowych fotografii.Mo\u017cliwo\u015b\u0107 dopasowania kolorystyki balon\u00f3w do motywu przewodniego uroczysto\u015bci oraz rozszerzenia zestawu o personalizacj\u0119.\",\"breadcrumb\":{\"@id\":\"https:\\\/\\\/partygo.waw.pl\\\/index.php\\\/product\\\/kompozycja-balonowa-na-roczek-z-helem\\\/#breadcrumb\"},\"inLanguage\":\"pl-PL\",\"potentialAction\":[{\"@type\":\"ReadAction\",\"target\":[\"https:\\\/\\\/partygo.waw.pl\\\/index.php\\\/product\\\/kompozycja-balonowa-na-roczek-z-helem\\\/\"]}]},{\"@type\":\"ImageObject\",\"inLanguage\":\"pl-PL\",\"@id\":\"https:\\\/\\\/partygo.waw.pl\\\/index.php\\\/product\\\/kompozycja-balonowa-na-roczek-z-helem\\\/#primaryimage\",\"url\":\"https:\\\/\\\/partygo.waw.pl\\\/wp-content\\\/uploads\\\/2026\\\/02\\\/1000010906.jpg\",\"contentUrl\":\"https:\\\/\\\/partygo.waw.pl\\\/wp-content\\\/uploads\\\/2026\\\/02\\\/1000010906.jpg\",\"width\":900,\"height\":1600},{\"@type\":\"BreadcrumbList\",\"@id\":\"https:\\\/\\\/partygo.waw.pl\\\/index.php\\\/product\\\/kompozycja-balonowa-na-roczek-z-helem\\\/#breadcrumb\",\"itemListElement\":[{\"@type\":\"ListItem\",\"position\":1,\"name\":\"Strona g\u0142\u00f3wna\",\"item\":\"https:\\\/\\\/partygo.waw.pl\\\/\"},{\"@type\":\"ListItem\",\"position\":2,\"name\":\"Galeria&#038;Sklep\",\"item\":\"https:\\\/\\\/partygo.waw.pl\\\/index.php\\\/sklep\\\/\"},{\"@type\":\"ListItem\",\"position\":3,\"name\":\"Kompozycja balonowa na Roczek z helem\"}]},{\"@type\":\"WebSite\",\"@id\":\"https:\\\/\\\/partygo.waw.pl\\\/#website\",\"url\":\"https:\\\/\\\/partygo.waw.pl\\\/\",\"name\":\"PartyGo\",\"description\":\"Balony i dekoracje Warszawa Legionowo\",\"publisher\":{\"@id\":\"https:\\\/\\\/partygo.waw.pl\\\/#organization\"},\"potentialAction\":[{\"@type\":\"SearchAction\",\"target\":{\"@type\":\"EntryPoint\",\"urlTemplate\":\"https:\\\/\\\/partygo.waw.pl\\\/?s={search_term_string}\"},\"query-input\":{\"@type\":\"PropertyValueSpecification\",\"valueRequired\":true,\"valueName\":\"search_term_string\"}}],\"inLanguage\":\"pl-PL\"},{\"@type\":\"Organization\",\"@id\":\"https:\\\/\\\/partygo.waw.pl\\\/#organization\",\"name\":\"PartyGo\",\"url\":\"https:\\\/\\\/partygo.waw.pl\\\/\",\"logo\":{\"@type\":\"ImageObject\",\"inLanguage\":\"pl-PL\",\"@id\":\"https:\\\/\\\/partygo.waw.pl\\\/#\\\/schema\\\/logo\\\/image\\\/\",\"url\":\"https:\\\/\\\/partygo.waw.pl\\\/wp-content\\\/uploads\\\/2022\\\/10\\\/logo_party-2.jpg\",\"contentUrl\":\"https:\\\/\\\/partygo.waw.pl\\\/wp-content\\\/uploads\\\/2022\\\/10\\\/logo_party-2.jpg\",\"width\":300,\"height\":300,\"caption\":\"PartyGo\"},\"image\":{\"@id\":\"https:\\\/\\\/partygo.waw.pl\\\/#\\\/schema\\\/logo\\\/image\\\/\"},\"sameAs\":[\"https:\\\/\\\/www.facebook.com\\\/people\\\/Party-Go-Warszawa\\\/\"]}]}<\/script>\n<!-- \/ Yoast SEO plugin. -->","yoast_head_json":{"title":"Kompozycja balonowa na Roczek z helem - PartyGo","description":"Subtelna i stylowa dekoracja idealna na pierwsze urodziny dziecka. Be\u017cowa kolorystyka nadaje kompozycji elegancji i sprawia, \u017ce doskonale wpisuje si\u0119 w nowoczesne, stonowane aran\u017cacje przyj\u0119cia.Zestaw zawiera:Balon foliowy cyfra \u201e1\u201d w kolorze be\u017cowymBalon foliowy w kszta\u0142cie serca12 balon\u00f3w lateksowychPompowanie helemKompozycja \u015bwietnie sprawdzi si\u0119 jako dekoracja przyj\u0119cia, ozdoba pokoju dziecka lub element sesji zdj\u0119ciowej. Tworzy efektown\u0105, unosz\u0105c\u0105 si\u0119 aran\u017cacj\u0119 i pi\u0119kne t\u0142o do pami\u0105tkowych fotografii.Mo\u017cliwo\u015b\u0107 dopasowania kolorystyki balon\u00f3w do motywu przewodniego uroczysto\u015bci oraz rozszerzenia zestawu o personalizacj\u0119.","robots":{"index":"index","follow":"follow","max-snippet":"max-snippet:-1","max-image-preview":"max-image-preview:large","max-video-preview":"max-video-preview:-1"},"canonical":"https:\/\/partygo.waw.pl\/index.php\/product\/kompozycja-balonowa-na-roczek-z-helem\/","og_locale":"pl_PL","og_type":"article","og_title":"Kompozycja balonowa na Roczek z helem - PartyGo","og_description":"Subtelna i stylowa dekoracja idealna na pierwsze urodziny dziecka. Be\u017cowa kolorystyka nadaje kompozycji elegancji i sprawia, \u017ce doskonale wpisuje si\u0119 w nowoczesne, stonowane aran\u017cacje przyj\u0119cia.Zestaw zawiera:Balon foliowy cyfra \u201e1\u201d w kolorze be\u017cowymBalon foliowy w kszta\u0142cie serca12 balon\u00f3w lateksowychPompowanie helemKompozycja \u015bwietnie sprawdzi si\u0119 jako dekoracja przyj\u0119cia, ozdoba pokoju dziecka lub element sesji zdj\u0119ciowej. Tworzy efektown\u0105, unosz\u0105c\u0105 si\u0119 aran\u017cacj\u0119 i pi\u0119kne t\u0142o do pami\u0105tkowych fotografii.Mo\u017cliwo\u015b\u0107 dopasowania kolorystyki balon\u00f3w do motywu przewodniego uroczysto\u015bci oraz rozszerzenia zestawu o personalizacj\u0119.","og_url":"https:\/\/partygo.waw.pl\/index.php\/product\/kompozycja-balonowa-na-roczek-z-helem\/","og_site_name":"PartyGo","article_publisher":"https:\/\/www.facebook.com\/people\/Party-Go-Warszawa\/","article_modified_time":"2026-03-04T16:26:39+00:00","og_image":[{"width":900,"height":1600,"url":"https:\/\/partygo.waw.pl\/wp-content\/uploads\/2026\/02\/1000010906.jpg","type":"image\/jpeg"}],"twitter_card":"summary_large_image","twitter_misc":{"Szacowany czas czytania":"1 minuta"},"schema":{"@context":"https:\/\/schema.org","@graph":[{"@type":"WebPage","@id":"https:\/\/partygo.waw.pl\/index.php\/product\/kompozycja-balonowa-na-roczek-z-helem\/","url":"https:\/\/partygo.waw.pl\/index.php\/product\/kompozycja-balonowa-na-roczek-z-helem\/","name":"Kompozycja balonowa na Roczek z helem - PartyGo","isPartOf":{"@id":"https:\/\/partygo.waw.pl\/#website"},"primaryImageOfPage":{"@id":"https:\/\/partygo.waw.pl\/index.php\/product\/kompozycja-balonowa-na-roczek-z-helem\/#primaryimage"},"image":{"@id":"https:\/\/partygo.waw.pl\/index.php\/product\/kompozycja-balonowa-na-roczek-z-helem\/#primaryimage"},"thumbnailUrl":"https:\/\/partygo.waw.pl\/wp-content\/uploads\/2026\/02\/1000010906.jpg","datePublished":"2026-02-25T15:46:20+00:00","dateModified":"2026-03-04T16:26:39+00:00","description":"Subtelna i stylowa dekoracja idealna na pierwsze urodziny dziecka. Be\u017cowa kolorystyka nadaje kompozycji elegancji i sprawia, \u017ce doskonale wpisuje si\u0119 w nowoczesne, stonowane aran\u017cacje przyj\u0119cia.Zestaw zawiera:Balon foliowy cyfra \u201e1\u201d w kolorze be\u017cowymBalon foliowy w kszta\u0142cie serca12 balon\u00f3w lateksowychPompowanie helemKompozycja \u015bwietnie sprawdzi si\u0119 jako dekoracja przyj\u0119cia, ozdoba pokoju dziecka lub element sesji zdj\u0119ciowej. Tworzy efektown\u0105, unosz\u0105c\u0105 si\u0119 aran\u017cacj\u0119 i pi\u0119kne t\u0142o do pami\u0105tkowych fotografii.Mo\u017cliwo\u015b\u0107 dopasowania kolorystyki balon\u00f3w do motywu przewodniego uroczysto\u015bci oraz rozszerzenia zestawu o personalizacj\u0119.","breadcrumb":{"@id":"https:\/\/partygo.waw.pl\/index.php\/product\/kompozycja-balonowa-na-roczek-z-helem\/#breadcrumb"},"inLanguage":"pl-PL","potentialAction":[{"@type":"ReadAction","target":["https:\/\/partygo.waw.pl\/index.php\/product\/kompozycja-balonowa-na-roczek-z-helem\/"]}]},{"@type":"ImageObject","inLanguage":"pl-PL","@id":"https:\/\/partygo.waw.pl\/index.php\/product\/kompozycja-balonowa-na-roczek-z-helem\/#primaryimage","url":"https:\/\/partygo.waw.pl\/wp-content\/uploads\/2026\/02\/1000010906.jpg","contentUrl":"https:\/\/partygo.waw.pl\/wp-content\/uploads\/2026\/02\/1000010906.jpg","width":900,"height":1600},{"@type":"BreadcrumbList","@id":"https:\/\/partygo.waw.pl\/index.php\/product\/kompozycja-balonowa-na-roczek-z-helem\/#breadcrumb","itemListElement":[{"@type":"ListItem","position":1,"name":"Strona g\u0142\u00f3wna","item":"https:\/\/partygo.waw.pl\/"},{"@type":"ListItem","position":2,"name":"Galeria&#038;Sklep","item":"https:\/\/partygo.waw.pl\/index.php\/sklep\/"},{"@type":"ListItem","position":3,"name":"Kompozycja balonowa na Roczek z helem"}]},{"@type":"WebSite","@id":"https:\/\/partygo.waw.pl\/#website","url":"https:\/\/partygo.waw.pl\/","name":"PartyGo","description":"Balony i dekoracje Warszawa Legionowo","publisher":{"@id":"https:\/\/partygo.waw.pl\/#organization"},"potentialAction":[{"@type":"SearchAction","target":{"@type":"EntryPoint","urlTemplate":"https:\/\/partygo.waw.pl\/?s={search_term_string}"},"query-input":{"@type":"PropertyValueSpecification","valueRequired":true,"valueName":"search_term_string"}}],"inLanguage":"pl-PL"},{"@type":"Organization","@id":"https:\/\/partygo.waw.pl\/#organization","name":"PartyGo","url":"https:\/\/partygo.waw.pl\/","logo":{"@type":"ImageObject","inLanguage":"pl-PL","@id":"https:\/\/partygo.waw.pl\/#\/schema\/logo\/image\/","url":"https:\/\/partygo.waw.pl\/wp-content\/uploads\/2022\/10\/logo_party-2.jpg","contentUrl":"https:\/\/partygo.waw.pl\/wp-content\/uploads\/2022\/10\/logo_party-2.jpg","width":300,"height":300,"caption":"PartyGo"},"image":{"@id":"https:\/\/partygo.waw.pl\/#\/schema\/logo\/image\/"},"sameAs":["https:\/\/www.facebook.com\/people\/Party-Go-Warszawa\/"]}]}},"_links":{"self":[{"href":"https:\/\/partygo.waw.pl\/index.php\/wp-json\/wp\/v2\/product\/1472","targetHints":{"allow":["GET"]}}],"collection":[{"href":"https:\/\/partygo.waw.pl\/index.php\/wp-json\/wp\/v2\/product"}],"about":[{"href":"https:\/\/partygo.waw.pl\/index.php\/wp-json\/wp\/v2\/types\/product"}],"replies":[{"embeddable":true,"href":"https:\/\/partygo.waw.pl\/index.php\/wp-json\/wp\/v2\/comments?post=1472"}],"wp:featuredmedia":[{"embeddable":true,"href":"https:\/\/partygo.waw.pl\/index.php\/wp-json\/wp\/v2\/media\/1397"}],"wp:attachment":[{"href":"https:\/\/partygo.waw.pl\/index.php\/wp-json\/wp\/v2\/media?parent=1472"}],"wp:term":[{"taxonomy":"product_brand","embeddable":true,"href":"https:\/\/partygo.waw.pl\/index.php\/wp-json\/wp\/v2\/product_brand?post=1472"},{"taxonomy":"product_cat","embeddable":true,"href":"https:\/\/partygo.waw.pl\/index.php\/wp-json\/wp\/v2\/product_cat?post=1472"},{"taxonomy":"product_tag","embeddable":true,"href":"https:\/\/partygo.waw.pl\/index.php\/wp-json\/wp\/v2\/product_tag?post=1472"}],"curies":[{"name":"wp","href":"https:\/\/api.w.org\/{rel}","templated":true}]}}