{"id":1482,"date":"2026-02-26T10:32:40","date_gmt":"2026-02-26T09:32:40","guid":{"rendered":"https:\/\/partygo.waw.pl\/?post_type=product&#038;p=1482"},"modified":"2026-03-04T17:54:22","modified_gmt":"2026-03-04T16:54:22","slug":"kompozycja-balonowa-na-75-urodziny","status":"publish","type":"product","link":"https:\/\/partygo.waw.pl\/index.php\/product\/kompozycja-balonowa-na-75-urodziny\/","title":{"rendered":"Kompozycja balonowa na 75 urodziny"},"content":{"rendered":"<h2 data-start=\"96\" data-end=\"278\"><strong>Kompozycja balonowa na 75 urodziny<\/strong><\/h2>\n<p>Elegancka i efektowna dekoracja podkre\u015blaj\u0105ca wyj\u0105tkowy jubileusz 75 urodzin. Du\u017ce cyfry stanowi\u0105 centralny element kompozycji i pi\u0119knie prezentuj\u0105 si\u0119 podczas rodzinnego przyj\u0119cia.<\/p>\n<h3 data-start=\"280\" data-end=\"299\"><strong data-start=\"280\" data-end=\"299\">Zestaw zawiera:<\/strong><\/h3>\n<ul data-start=\"300\" data-end=\"399\">\n<li data-start=\"300\" data-end=\"352\">Balony foliowe cyfry \u201e7\u201d i \u201e5\u201d o wysoko\u015bci 85 cm<\/li>\n<li data-start=\"353\" data-end=\"378\">6 balon\u00f3w lateksowych<\/li>\n<li data-start=\"379\" data-end=\"399\">Pompowanie helem<\/li>\n<\/ul>\n<p>Kompozycja doskonale sprawdzi si\u0119 jako dekoracja sali, restauracji lub domu, a tak\u017ce jako efektowny dodatek do prezentu.<\/p>\n<p>Mo\u017cliwo\u015b\u0107 dopasowania kolorystyki balon\u00f3w do charakteru uroczysto\u015bci.<\/p>\n","protected":false},"excerpt":{"rendered":"<p>Kompozycja balonowa na 75 urodziny Elegancka i efektowna dekoracja podkre\u015blaj\u0105ca wyj\u0105tkowy jubileusz 75 urodzin. Du\u017ce cyfry stanowi\u0105 centralny element kompozycji i pi\u0119knie prezentuj\u0105 si\u0119 podczas rodzinnego przyj\u0119cia. Zestaw zawiera: Balony foliowe cyfry \u201e7\u201d i \u201e5\u201d o wysoko\u015bci 85 cm 6 balon\u00f3w lateksowych Pompowanie helem Kompozycja doskonale sprawdzi si\u0119 jako dekoracja sali, restauracji lub domu, a&hellip;&nbsp;<a href=\"https:\/\/partygo.waw.pl\/index.php\/product\/kompozycja-balonowa-na-75-urodziny\/\" class=\"\" rel=\"bookmark\">Czytaj dalej &raquo;<span class=\"screen-reader-text\">Kompozycja balonowa na 75 urodziny<\/span><\/a><\/p>\n","protected":false},"featured_media":1388,"comment_status":"open","ping_status":"closed","template":"","meta":{"neve_meta_sidebar":"","neve_meta_container":"","neve_meta_enable_content_width":"off","neve_meta_content_width":100,"neve_meta_title_alignment":"","neve_meta_author_avatar":"","neve_post_elements_order":"","neve_meta_disable_header":"","neve_meta_disable_footer":"","neve_meta_disable_title":"","_vp_format_video_url":"","_vp_image_focal_point":[]},"product_brand":[],"product_cat":[45,46,40],"product_tag":[],"class_list":{"0":"post-1482","1":"product","2":"type-product","3":"status-publish","4":"has-post-thumbnail","6":"product_cat-bukiety-urodzinowe","7":"product_cat-dekoracje","8":"product_cat-misc","10":"first","11":"onbackorder","12":"shipping-taxable","13":"product-type-simple"},"yoast_head":"<!-- This site is optimized with the Yoast SEO plugin v27.3 - https:\/\/yoast.com\/product\/yoast-seo-wordpress\/ -->\n<title>Kompozycja balonowa na 75 urodziny - PartyGo<\/title>\n<meta name=\"description\" content=\"Elegancka i efektowna dekoracja podkre\u015blaj\u0105ca wyj\u0105tkowy jubileusz 75 urodzin. Du\u017ce cyfry stanowi\u0105 centralny element kompozycji i pi\u0119knie prezentuj\u0105 si\u0119 podczas rodzinnego przyj\u0119cia.Zestaw zawiera:Balony foliowe cyfry \u201e7\u201d i \u201e5\u201d o wysoko\u015bci 85 cm6 balon\u00f3w lateksowychPompowanie helemKompozycja doskonale sprawdzi si\u0119 jako dekoracja sali, restauracji lub domu, a tak\u017ce jako efektowny dodatek do prezentu.Mo\u017cliwo\u015b\u0107 dopasowania kolorystyki balon\u00f3w do charakteru uroczysto\u015bci.\" \/>\n<meta name=\"robots\" content=\"index, follow, max-snippet:-1, max-image-preview:large, max-video-preview:-1\" \/>\n<link rel=\"canonical\" href=\"https:\/\/partygo.waw.pl\/index.php\/product\/kompozycja-balonowa-na-75-urodziny\/\" \/>\n<meta property=\"og:locale\" content=\"pl_PL\" \/>\n<meta property=\"og:type\" content=\"article\" \/>\n<meta property=\"og:title\" content=\"Kompozycja balonowa na 75 urodziny - PartyGo\" \/>\n<meta property=\"og:description\" content=\"Elegancka i efektowna dekoracja podkre\u015blaj\u0105ca wyj\u0105tkowy jubileusz 75 urodzin. Du\u017ce cyfry stanowi\u0105 centralny element kompozycji i pi\u0119knie prezentuj\u0105 si\u0119 podczas rodzinnego przyj\u0119cia.Zestaw zawiera:Balony foliowe cyfry \u201e7\u201d i \u201e5\u201d o wysoko\u015bci 85 cm6 balon\u00f3w lateksowychPompowanie helemKompozycja doskonale sprawdzi si\u0119 jako dekoracja sali, restauracji lub domu, a tak\u017ce jako efektowny dodatek do prezentu.Mo\u017cliwo\u015b\u0107 dopasowania kolorystyki balon\u00f3w do charakteru uroczysto\u015bci.\" \/>\n<meta property=\"og:url\" content=\"https:\/\/partygo.waw.pl\/index.php\/product\/kompozycja-balonowa-na-75-urodziny\/\" \/>\n<meta property=\"og:site_name\" content=\"PartyGo\" \/>\n<meta property=\"article:publisher\" content=\"https:\/\/www.facebook.com\/people\/Party-Go-Warszawa\/\" \/>\n<meta property=\"article:modified_time\" content=\"2026-03-04T16:54:22+00:00\" \/>\n<meta property=\"og:image\" content=\"https:\/\/partygo.waw.pl\/wp-content\/uploads\/2026\/02\/1000007929.jpg\" \/>\n\t<meta property=\"og:image:width\" content=\"1536\" \/>\n\t<meta property=\"og:image:height\" content=\"2048\" \/>\n\t<meta property=\"og:image:type\" content=\"image\/jpeg\" \/>\n<meta name=\"twitter:card\" content=\"summary_large_image\" \/>\n<meta name=\"twitter:label1\" content=\"Szacowany czas czytania\" \/>\n\t<meta name=\"twitter:data1\" content=\"1 minuta\" \/>\n<script type=\"application\/ld+json\" class=\"yoast-schema-graph\">{\"@context\":\"https:\\\/\\\/schema.org\",\"@graph\":[{\"@type\":\"WebPage\",\"@id\":\"https:\\\/\\\/partygo.waw.pl\\\/index.php\\\/product\\\/kompozycja-balonowa-na-75-urodziny\\\/\",\"url\":\"https:\\\/\\\/partygo.waw.pl\\\/index.php\\\/product\\\/kompozycja-balonowa-na-75-urodziny\\\/\",\"name\":\"Kompozycja balonowa na 75 urodziny - PartyGo\",\"isPartOf\":{\"@id\":\"https:\\\/\\\/partygo.waw.pl\\\/#website\"},\"primaryImageOfPage\":{\"@id\":\"https:\\\/\\\/partygo.waw.pl\\\/index.php\\\/product\\\/kompozycja-balonowa-na-75-urodziny\\\/#primaryimage\"},\"image\":{\"@id\":\"https:\\\/\\\/partygo.waw.pl\\\/index.php\\\/product\\\/kompozycja-balonowa-na-75-urodziny\\\/#primaryimage\"},\"thumbnailUrl\":\"https:\\\/\\\/partygo.waw.pl\\\/wp-content\\\/uploads\\\/2026\\\/02\\\/1000007929.jpg\",\"datePublished\":\"2026-02-26T09:32:40+00:00\",\"dateModified\":\"2026-03-04T16:54:22+00:00\",\"description\":\"Elegancka i efektowna dekoracja podkre\u015blaj\u0105ca wyj\u0105tkowy jubileusz 75 urodzin. Du\u017ce cyfry stanowi\u0105 centralny element kompozycji i pi\u0119knie prezentuj\u0105 si\u0119 podczas rodzinnego przyj\u0119cia.Zestaw zawiera:Balony foliowe cyfry \u201e7\u201d i \u201e5\u201d o wysoko\u015bci 85 cm6 balon\u00f3w lateksowychPompowanie helemKompozycja doskonale sprawdzi si\u0119 jako dekoracja sali, restauracji lub domu, a tak\u017ce jako efektowny dodatek do prezentu.Mo\u017cliwo\u015b\u0107 dopasowania kolorystyki balon\u00f3w do charakteru uroczysto\u015bci.\",\"breadcrumb\":{\"@id\":\"https:\\\/\\\/partygo.waw.pl\\\/index.php\\\/product\\\/kompozycja-balonowa-na-75-urodziny\\\/#breadcrumb\"},\"inLanguage\":\"pl-PL\",\"potentialAction\":[{\"@type\":\"ReadAction\",\"target\":[\"https:\\\/\\\/partygo.waw.pl\\\/index.php\\\/product\\\/kompozycja-balonowa-na-75-urodziny\\\/\"]}]},{\"@type\":\"ImageObject\",\"inLanguage\":\"pl-PL\",\"@id\":\"https:\\\/\\\/partygo.waw.pl\\\/index.php\\\/product\\\/kompozycja-balonowa-na-75-urodziny\\\/#primaryimage\",\"url\":\"https:\\\/\\\/partygo.waw.pl\\\/wp-content\\\/uploads\\\/2026\\\/02\\\/1000007929.jpg\",\"contentUrl\":\"https:\\\/\\\/partygo.waw.pl\\\/wp-content\\\/uploads\\\/2026\\\/02\\\/1000007929.jpg\",\"width\":1536,\"height\":2048},{\"@type\":\"BreadcrumbList\",\"@id\":\"https:\\\/\\\/partygo.waw.pl\\\/index.php\\\/product\\\/kompozycja-balonowa-na-75-urodziny\\\/#breadcrumb\",\"itemListElement\":[{\"@type\":\"ListItem\",\"position\":1,\"name\":\"Strona g\u0142\u00f3wna\",\"item\":\"https:\\\/\\\/partygo.waw.pl\\\/\"},{\"@type\":\"ListItem\",\"position\":2,\"name\":\"Galeria&#038;Sklep\",\"item\":\"https:\\\/\\\/partygo.waw.pl\\\/index.php\\\/sklep\\\/\"},{\"@type\":\"ListItem\",\"position\":3,\"name\":\"Kompozycja balonowa na 75 urodziny\"}]},{\"@type\":\"WebSite\",\"@id\":\"https:\\\/\\\/partygo.waw.pl\\\/#website\",\"url\":\"https:\\\/\\\/partygo.waw.pl\\\/\",\"name\":\"PartyGo\",\"description\":\"Balony i dekoracje Warszawa Legionowo\",\"publisher\":{\"@id\":\"https:\\\/\\\/partygo.waw.pl\\\/#organization\"},\"potentialAction\":[{\"@type\":\"SearchAction\",\"target\":{\"@type\":\"EntryPoint\",\"urlTemplate\":\"https:\\\/\\\/partygo.waw.pl\\\/?s={search_term_string}\"},\"query-input\":{\"@type\":\"PropertyValueSpecification\",\"valueRequired\":true,\"valueName\":\"search_term_string\"}}],\"inLanguage\":\"pl-PL\"},{\"@type\":\"Organization\",\"@id\":\"https:\\\/\\\/partygo.waw.pl\\\/#organization\",\"name\":\"PartyGo\",\"url\":\"https:\\\/\\\/partygo.waw.pl\\\/\",\"logo\":{\"@type\":\"ImageObject\",\"inLanguage\":\"pl-PL\",\"@id\":\"https:\\\/\\\/partygo.waw.pl\\\/#\\\/schema\\\/logo\\\/image\\\/\",\"url\":\"https:\\\/\\\/partygo.waw.pl\\\/wp-content\\\/uploads\\\/2022\\\/10\\\/logo_party-2.jpg\",\"contentUrl\":\"https:\\\/\\\/partygo.waw.pl\\\/wp-content\\\/uploads\\\/2022\\\/10\\\/logo_party-2.jpg\",\"width\":300,\"height\":300,\"caption\":\"PartyGo\"},\"image\":{\"@id\":\"https:\\\/\\\/partygo.waw.pl\\\/#\\\/schema\\\/logo\\\/image\\\/\"},\"sameAs\":[\"https:\\\/\\\/www.facebook.com\\\/people\\\/Party-Go-Warszawa\\\/\"]}]}<\/script>\n<!-- \/ Yoast SEO plugin. -->","yoast_head_json":{"title":"Kompozycja balonowa na 75 urodziny - PartyGo","description":"Elegancka i efektowna dekoracja podkre\u015blaj\u0105ca wyj\u0105tkowy jubileusz 75 urodzin. Du\u017ce cyfry stanowi\u0105 centralny element kompozycji i pi\u0119knie prezentuj\u0105 si\u0119 podczas rodzinnego przyj\u0119cia.Zestaw zawiera:Balony foliowe cyfry \u201e7\u201d i \u201e5\u201d o wysoko\u015bci 85 cm6 balon\u00f3w lateksowychPompowanie helemKompozycja doskonale sprawdzi si\u0119 jako dekoracja sali, restauracji lub domu, a tak\u017ce jako efektowny dodatek do prezentu.Mo\u017cliwo\u015b\u0107 dopasowania kolorystyki balon\u00f3w do charakteru uroczysto\u015bci.","robots":{"index":"index","follow":"follow","max-snippet":"max-snippet:-1","max-image-preview":"max-image-preview:large","max-video-preview":"max-video-preview:-1"},"canonical":"https:\/\/partygo.waw.pl\/index.php\/product\/kompozycja-balonowa-na-75-urodziny\/","og_locale":"pl_PL","og_type":"article","og_title":"Kompozycja balonowa na 75 urodziny - PartyGo","og_description":"Elegancka i efektowna dekoracja podkre\u015blaj\u0105ca wyj\u0105tkowy jubileusz 75 urodzin. Du\u017ce cyfry stanowi\u0105 centralny element kompozycji i pi\u0119knie prezentuj\u0105 si\u0119 podczas rodzinnego przyj\u0119cia.Zestaw zawiera:Balony foliowe cyfry \u201e7\u201d i \u201e5\u201d o wysoko\u015bci 85 cm6 balon\u00f3w lateksowychPompowanie helemKompozycja doskonale sprawdzi si\u0119 jako dekoracja sali, restauracji lub domu, a tak\u017ce jako efektowny dodatek do prezentu.Mo\u017cliwo\u015b\u0107 dopasowania kolorystyki balon\u00f3w do charakteru uroczysto\u015bci.","og_url":"https:\/\/partygo.waw.pl\/index.php\/product\/kompozycja-balonowa-na-75-urodziny\/","og_site_name":"PartyGo","article_publisher":"https:\/\/www.facebook.com\/people\/Party-Go-Warszawa\/","article_modified_time":"2026-03-04T16:54:22+00:00","og_image":[{"width":1536,"height":2048,"url":"https:\/\/partygo.waw.pl\/wp-content\/uploads\/2026\/02\/1000007929.jpg","type":"image\/jpeg"}],"twitter_card":"summary_large_image","twitter_misc":{"Szacowany czas czytania":"1 minuta"},"schema":{"@context":"https:\/\/schema.org","@graph":[{"@type":"WebPage","@id":"https:\/\/partygo.waw.pl\/index.php\/product\/kompozycja-balonowa-na-75-urodziny\/","url":"https:\/\/partygo.waw.pl\/index.php\/product\/kompozycja-balonowa-na-75-urodziny\/","name":"Kompozycja balonowa na 75 urodziny - PartyGo","isPartOf":{"@id":"https:\/\/partygo.waw.pl\/#website"},"primaryImageOfPage":{"@id":"https:\/\/partygo.waw.pl\/index.php\/product\/kompozycja-balonowa-na-75-urodziny\/#primaryimage"},"image":{"@id":"https:\/\/partygo.waw.pl\/index.php\/product\/kompozycja-balonowa-na-75-urodziny\/#primaryimage"},"thumbnailUrl":"https:\/\/partygo.waw.pl\/wp-content\/uploads\/2026\/02\/1000007929.jpg","datePublished":"2026-02-26T09:32:40+00:00","dateModified":"2026-03-04T16:54:22+00:00","description":"Elegancka i efektowna dekoracja podkre\u015blaj\u0105ca wyj\u0105tkowy jubileusz 75 urodzin. Du\u017ce cyfry stanowi\u0105 centralny element kompozycji i pi\u0119knie prezentuj\u0105 si\u0119 podczas rodzinnego przyj\u0119cia.Zestaw zawiera:Balony foliowe cyfry \u201e7\u201d i \u201e5\u201d o wysoko\u015bci 85 cm6 balon\u00f3w lateksowychPompowanie helemKompozycja doskonale sprawdzi si\u0119 jako dekoracja sali, restauracji lub domu, a tak\u017ce jako efektowny dodatek do prezentu.Mo\u017cliwo\u015b\u0107 dopasowania kolorystyki balon\u00f3w do charakteru uroczysto\u015bci.","breadcrumb":{"@id":"https:\/\/partygo.waw.pl\/index.php\/product\/kompozycja-balonowa-na-75-urodziny\/#breadcrumb"},"inLanguage":"pl-PL","potentialAction":[{"@type":"ReadAction","target":["https:\/\/partygo.waw.pl\/index.php\/product\/kompozycja-balonowa-na-75-urodziny\/"]}]},{"@type":"ImageObject","inLanguage":"pl-PL","@id":"https:\/\/partygo.waw.pl\/index.php\/product\/kompozycja-balonowa-na-75-urodziny\/#primaryimage","url":"https:\/\/partygo.waw.pl\/wp-content\/uploads\/2026\/02\/1000007929.jpg","contentUrl":"https:\/\/partygo.waw.pl\/wp-content\/uploads\/2026\/02\/1000007929.jpg","width":1536,"height":2048},{"@type":"BreadcrumbList","@id":"https:\/\/partygo.waw.pl\/index.php\/product\/kompozycja-balonowa-na-75-urodziny\/#breadcrumb","itemListElement":[{"@type":"ListItem","position":1,"name":"Strona g\u0142\u00f3wna","item":"https:\/\/partygo.waw.pl\/"},{"@type":"ListItem","position":2,"name":"Galeria&#038;Sklep","item":"https:\/\/partygo.waw.pl\/index.php\/sklep\/"},{"@type":"ListItem","position":3,"name":"Kompozycja balonowa na 75 urodziny"}]},{"@type":"WebSite","@id":"https:\/\/partygo.waw.pl\/#website","url":"https:\/\/partygo.waw.pl\/","name":"PartyGo","description":"Balony i dekoracje Warszawa Legionowo","publisher":{"@id":"https:\/\/partygo.waw.pl\/#organization"},"potentialAction":[{"@type":"SearchAction","target":{"@type":"EntryPoint","urlTemplate":"https:\/\/partygo.waw.pl\/?s={search_term_string}"},"query-input":{"@type":"PropertyValueSpecification","valueRequired":true,"valueName":"search_term_string"}}],"inLanguage":"pl-PL"},{"@type":"Organization","@id":"https:\/\/partygo.waw.pl\/#organization","name":"PartyGo","url":"https:\/\/partygo.waw.pl\/","logo":{"@type":"ImageObject","inLanguage":"pl-PL","@id":"https:\/\/partygo.waw.pl\/#\/schema\/logo\/image\/","url":"https:\/\/partygo.waw.pl\/wp-content\/uploads\/2022\/10\/logo_party-2.jpg","contentUrl":"https:\/\/partygo.waw.pl\/wp-content\/uploads\/2022\/10\/logo_party-2.jpg","width":300,"height":300,"caption":"PartyGo"},"image":{"@id":"https:\/\/partygo.waw.pl\/#\/schema\/logo\/image\/"},"sameAs":["https:\/\/www.facebook.com\/people\/Party-Go-Warszawa\/"]}]}},"_links":{"self":[{"href":"https:\/\/partygo.waw.pl\/index.php\/wp-json\/wp\/v2\/product\/1482","targetHints":{"allow":["GET"]}}],"collection":[{"href":"https:\/\/partygo.waw.pl\/index.php\/wp-json\/wp\/v2\/product"}],"about":[{"href":"https:\/\/partygo.waw.pl\/index.php\/wp-json\/wp\/v2\/types\/product"}],"replies":[{"embeddable":true,"href":"https:\/\/partygo.waw.pl\/index.php\/wp-json\/wp\/v2\/comments?post=1482"}],"wp:featuredmedia":[{"embeddable":true,"href":"https:\/\/partygo.waw.pl\/index.php\/wp-json\/wp\/v2\/media\/1388"}],"wp:attachment":[{"href":"https:\/\/partygo.waw.pl\/index.php\/wp-json\/wp\/v2\/media?parent=1482"}],"wp:term":[{"taxonomy":"product_brand","embeddable":true,"href":"https:\/\/partygo.waw.pl\/index.php\/wp-json\/wp\/v2\/product_brand?post=1482"},{"taxonomy":"product_cat","embeddable":true,"href":"https:\/\/partygo.waw.pl\/index.php\/wp-json\/wp\/v2\/product_cat?post=1482"},{"taxonomy":"product_tag","embeddable":true,"href":"https:\/\/partygo.waw.pl\/index.php\/wp-json\/wp\/v2\/product_tag?post=1482"}],"curies":[{"name":"wp","href":"https:\/\/api.w.org\/{rel}","templated":true}]}}