{"id":1585,"date":"2026-03-16T13:38:31","date_gmt":"2026-03-16T12:38:31","guid":{"rendered":"https:\/\/partygo.waw.pl\/?post_type=product&#038;p=1585"},"modified":"2026-03-16T13:38:31","modified_gmt":"2026-03-16T12:38:31","slug":"dekoracje-balonowe-na-otwarcie-restauracji-2","status":"publish","type":"product","link":"https:\/\/partygo.waw.pl\/index.php\/product\/dekoracje-balonowe-na-otwarcie-restauracji-2\/","title":{"rendered":"Dekoracje balonowe na otwarcie restauracji"},"content":{"rendered":"<div class=\"relative basis-auto flex-col -mb-(--composer-overlap-px) [--composer-overlap-px:28px] grow flex\">\n<div class=\"flex flex-col text-sm pb-25\">\n<article class=\"text-token-text-primary w-full focus:outline-none [--shadow-height:45px] has-data-writing-block:pointer-events-none has-data-writing-block:-mt-(--shadow-height) has-data-writing-block:pt-(--shadow-height) [&amp;:has([data-writing-block])&gt;*]:pointer-events-auto scroll-mt-[calc(var(--header-height)+min(200px,max(70px,20svh)))]\" dir=\"auto\" tabindex=\"-1\" data-turn-id=\"request-6996e3e7-5b08-8330-9d2d-c4db58b944d0-3\" data-testid=\"conversation-turn-152\" data-scroll-anchor=\"true\" data-turn=\"assistant\">\n<div class=\"text-base my-auto mx-auto pb-10 [--thread-content-margin:var(--thread-content-margin-xs,calc(var(--spacing)*4))] @w-sm\/main:[--thread-content-margin:var(--thread-content-margin-sm,calc(var(--spacing)*6))] @w-lg\/main:[--thread-content-margin:var(--thread-content-margin-lg,calc(var(--spacing)*16))] px-(--thread-content-margin)\">\n<div class=\"[--thread-content-max-width:40rem] @w-lg\/main:[--thread-content-max-width:48rem] mx-auto max-w-(--thread-content-max-width) flex-1 group\/turn-messages focus-visible:outline-hidden relative flex w-full min-w-0 flex-col agent-turn\" tabindex=\"-1\">\n<div class=\"flex max-w-full flex-col gap-4 grow\">\n<div class=\"min-h-8 text-message relative flex w-full flex-col items-end gap-2 text-start break-words whitespace-normal [.text-message+&amp;]:mt-1\" dir=\"auto\" data-message-author-role=\"assistant\" data-message-id=\"01716d65-ca83-4a95-92ec-5321d0c31499\" data-message-model-slug=\"gpt-5-3\">\n<div class=\"flex w-full flex-col gap-1 empty:hidden\">\n<div class=\"markdown prose dark:prose-invert w-full wrap-break-word light markdown-new-styling\">\n<h2 data-start=\"159\" data-end=\"205\"><strong data-start=\"159\" data-end=\"205\">Dekoracje <\/strong>balonowe <strong data-start=\"159\" data-end=\"205\">na otwarcie restauracji<\/strong><\/h2>\n<p>Efektowna dekoracja balonowa przygotowana z okazji otwarcia restauracji. Kompozycja utrzymana jest w kolorystyce dopasowanej do identyfikacji wizualnej lokalu, dzi\u0119ki czemu ca\u0142o\u015b\u0107 tworzy sp\u00f3jn\u0105 i eleganck\u0105 opraw\u0119 wydarzenia oraz przyci\u0105ga uwag\u0119 go\u015bci i przechodni\u00f3w.<\/p><\/div>\n<div><\/div>\n<div class=\"markdown prose dark:prose-invert w-full wrap-break-word light markdown-new-styling\">Centralnym elementem dekoracji jest organiczna girlanda balonowa zamontowana nad wej\u015bciem. R\u00f3\u017cne rozmiary balon\u00f3w nadaj\u0105 kompozycji nowoczesny, lekki i dynamiczny charakter. Wej\u015bcie do lokalu zosta\u0142o dodatkowo podkre\u015blone dwoma spiralnymi s\u0142upkami balonowymi z du\u017cymi balonami ze spersonalizowanymi nadrukami, kt\u00f3re tworz\u0105 efektown\u0105 bram\u0119 powitaln\u0105 dla go\u015bci.<\/p>\n<h3 data-start=\"844\" data-end=\"871\"><strong data-start=\"844\" data-end=\"871\">Specyfikacja dekoracji:<\/strong><\/h3>\n<ul data-start=\"872\" data-end=\"1119\">\n<li data-section-id=\"pqt09c\" data-start=\"872\" data-end=\"933\">organiczna girlanda balonowa o d\u0142ugo\u015bci ok. 6 metr\u00f3w,<\/li>\n<li data-section-id=\"1bunt9k\" data-start=\"934\" data-end=\"999\">2 spiralne s\u0142upki balonowe o wysoko\u015bci ok. 1,5 metra,<\/li>\n<li data-section-id=\"1tzgjle\" data-start=\"1000\" data-end=\"1063\">2 du\u017ce balony lateksowe ze spersonalizowanym nadrukiem,<\/li>\n<li data-section-id=\"131juch\" data-start=\"1064\" data-end=\"1119\">kolorystyka dopasowana do barw firmowych restauracji.<\/li>\n<\/ul>\n<p>Dekoracja idealnie sprawdzi si\u0119 podczas otwarcia restauracji, kawiarni, baru lub innego lokalu gastronomicznego. Tworzy wyj\u0105tkow\u0105 atmosfer\u0119 wydarzenia i stanowi atrakcyjne t\u0142o do zdj\u0119\u0107.<\/p><\/div>\n<div><\/div>\n<div class=\"markdown prose dark:prose-invert w-full wrap-break-word light markdown-new-styling\">Na \u017cyczenie mo\u017cliwe jest dopasowanie kolorystyki, wielko\u015bci dekoracji oraz dodatkowych element\u00f3w do charakteru wydarzenia i przestrzeni lokalu.<\/div>\n<\/div>\n<\/div>\n<\/div>\n<\/div>\n<\/div>\n<\/article>\n<\/div>\n<\/div>\n","protected":false},"excerpt":{"rendered":"<p>Dekoracje balonowe na otwarcie restauracji Efektowna dekoracja balonowa przygotowana z okazji otwarcia restauracji. Kompozycja utrzymana jest w kolorystyce dopasowanej do identyfikacji wizualnej lokalu, dzi\u0119ki czemu ca\u0142o\u015b\u0107 tworzy sp\u00f3jn\u0105 i eleganck\u0105 opraw\u0119 wydarzenia oraz przyci\u0105ga uwag\u0119 go\u015bci i przechodni\u00f3w. Centralnym elementem dekoracji jest organiczna girlanda balonowa zamontowana nad wej\u015bciem. R\u00f3\u017cne rozmiary balon\u00f3w nadaj\u0105 kompozycji nowoczesny, lekki&hellip;&nbsp;<a href=\"https:\/\/partygo.waw.pl\/index.php\/product\/dekoracje-balonowe-na-otwarcie-restauracji-2\/\" class=\"\" rel=\"bookmark\">Czytaj dalej &raquo;<span class=\"screen-reader-text\">Dekoracje balonowe na otwarcie restauracji<\/span><\/a><\/p>\n","protected":false},"featured_media":1565,"comment_status":"open","ping_status":"closed","template":"","meta":{"neve_meta_sidebar":"","neve_meta_container":"","neve_meta_enable_content_width":"off","neve_meta_content_width":100,"neve_meta_title_alignment":"","neve_meta_author_avatar":"","neve_post_elements_order":"","neve_meta_disable_header":"","neve_meta_disable_footer":"","neve_meta_disable_title":"","_vp_format_video_url":"","_vp_image_focal_point":[]},"product_brand":[],"product_cat":[52,40],"product_tag":[],"class_list":{"0":"post-1585","1":"product","2":"type-product","3":"status-publish","4":"has-post-thumbnail","6":"product_cat-dekoracje-dla-firm","7":"product_cat-misc","9":"first","10":"onbackorder","11":"shipping-taxable","12":"product-type-simple"},"yoast_head":"<!-- This site is optimized with the Yoast SEO plugin v27.3 - https:\/\/yoast.com\/product\/yoast-seo-wordpress\/ -->\n<title>Dekoracje balonowe na otwarcie restauracji - PartyGo<\/title>\n<meta name=\"description\" content=\"Efektowna dekoracja balonowa przygotowana z okazji otwarcia restauracji. Kompozycja utrzymana jest w kolorystyce dopasowanej do identyfikacji wizualnej lokalu, dzi\u0119ki czemu ca\u0142o\u015b\u0107 tworzy sp\u00f3jn\u0105 i eleganck\u0105 opraw\u0119 wydarzenia oraz przyci\u0105ga uwag\u0119 go\u015bci i przechodni\u00f3w.\" \/>\n<meta name=\"robots\" content=\"index, follow, max-snippet:-1, max-image-preview:large, max-video-preview:-1\" \/>\n<link rel=\"canonical\" href=\"https:\/\/partygo.waw.pl\/index.php\/product\/dekoracje-balonowe-na-otwarcie-restauracji-2\/\" \/>\n<meta property=\"og:locale\" content=\"pl_PL\" \/>\n<meta property=\"og:type\" content=\"article\" \/>\n<meta property=\"og:title\" content=\"Dekoracje balonowe na otwarcie restauracji - PartyGo\" \/>\n<meta property=\"og:description\" content=\"Efektowna dekoracja balonowa przygotowana z okazji otwarcia restauracji. Kompozycja utrzymana jest w kolorystyce dopasowanej do identyfikacji wizualnej lokalu, dzi\u0119ki czemu ca\u0142o\u015b\u0107 tworzy sp\u00f3jn\u0105 i eleganck\u0105 opraw\u0119 wydarzenia oraz przyci\u0105ga uwag\u0119 go\u015bci i przechodni\u00f3w.\" \/>\n<meta property=\"og:url\" content=\"https:\/\/partygo.waw.pl\/index.php\/product\/dekoracje-balonowe-na-otwarcie-restauracji-2\/\" \/>\n<meta property=\"og:site_name\" content=\"PartyGo\" \/>\n<meta property=\"article:publisher\" content=\"https:\/\/www.facebook.com\/people\/Party-Go-Warszawa\/\" \/>\n<meta property=\"og:image\" content=\"https:\/\/partygo.waw.pl\/wp-content\/uploads\/2026\/03\/1739782091187.jpg\" \/>\n\t<meta property=\"og:image:width\" content=\"2000\" \/>\n\t<meta property=\"og:image:height\" content=\"1500\" \/>\n\t<meta property=\"og:image:type\" content=\"image\/jpeg\" \/>\n<meta name=\"twitter:card\" content=\"summary_large_image\" \/>\n<meta name=\"twitter:label1\" content=\"Szacowany czas czytania\" \/>\n\t<meta name=\"twitter:data1\" content=\"2 minuty\" \/>\n<script type=\"application\/ld+json\" class=\"yoast-schema-graph\">{\"@context\":\"https:\\\/\\\/schema.org\",\"@graph\":[{\"@type\":\"WebPage\",\"@id\":\"https:\\\/\\\/partygo.waw.pl\\\/index.php\\\/product\\\/dekoracje-balonowe-na-otwarcie-restauracji-2\\\/\",\"url\":\"https:\\\/\\\/partygo.waw.pl\\\/index.php\\\/product\\\/dekoracje-balonowe-na-otwarcie-restauracji-2\\\/\",\"name\":\"Dekoracje balonowe na otwarcie restauracji - PartyGo\",\"isPartOf\":{\"@id\":\"https:\\\/\\\/partygo.waw.pl\\\/#website\"},\"primaryImageOfPage\":{\"@id\":\"https:\\\/\\\/partygo.waw.pl\\\/index.php\\\/product\\\/dekoracje-balonowe-na-otwarcie-restauracji-2\\\/#primaryimage\"},\"image\":{\"@id\":\"https:\\\/\\\/partygo.waw.pl\\\/index.php\\\/product\\\/dekoracje-balonowe-na-otwarcie-restauracji-2\\\/#primaryimage\"},\"thumbnailUrl\":\"https:\\\/\\\/partygo.waw.pl\\\/wp-content\\\/uploads\\\/2026\\\/03\\\/1739782091187.jpg\",\"datePublished\":\"2026-03-16T12:38:31+00:00\",\"description\":\"Efektowna dekoracja balonowa przygotowana z okazji otwarcia restauracji. Kompozycja utrzymana jest w kolorystyce dopasowanej do identyfikacji wizualnej lokalu, dzi\u0119ki czemu ca\u0142o\u015b\u0107 tworzy sp\u00f3jn\u0105 i eleganck\u0105 opraw\u0119 wydarzenia oraz przyci\u0105ga uwag\u0119 go\u015bci i przechodni\u00f3w.\",\"breadcrumb\":{\"@id\":\"https:\\\/\\\/partygo.waw.pl\\\/index.php\\\/product\\\/dekoracje-balonowe-na-otwarcie-restauracji-2\\\/#breadcrumb\"},\"inLanguage\":\"pl-PL\",\"potentialAction\":[{\"@type\":\"ReadAction\",\"target\":[\"https:\\\/\\\/partygo.waw.pl\\\/index.php\\\/product\\\/dekoracje-balonowe-na-otwarcie-restauracji-2\\\/\"]}]},{\"@type\":\"ImageObject\",\"inLanguage\":\"pl-PL\",\"@id\":\"https:\\\/\\\/partygo.waw.pl\\\/index.php\\\/product\\\/dekoracje-balonowe-na-otwarcie-restauracji-2\\\/#primaryimage\",\"url\":\"https:\\\/\\\/partygo.waw.pl\\\/wp-content\\\/uploads\\\/2026\\\/03\\\/1739782091187.jpg\",\"contentUrl\":\"https:\\\/\\\/partygo.waw.pl\\\/wp-content\\\/uploads\\\/2026\\\/03\\\/1739782091187.jpg\",\"width\":2000,\"height\":1500},{\"@type\":\"BreadcrumbList\",\"@id\":\"https:\\\/\\\/partygo.waw.pl\\\/index.php\\\/product\\\/dekoracje-balonowe-na-otwarcie-restauracji-2\\\/#breadcrumb\",\"itemListElement\":[{\"@type\":\"ListItem\",\"position\":1,\"name\":\"Strona g\u0142\u00f3wna\",\"item\":\"https:\\\/\\\/partygo.waw.pl\\\/\"},{\"@type\":\"ListItem\",\"position\":2,\"name\":\"Galeria&#038;Sklep\",\"item\":\"https:\\\/\\\/partygo.waw.pl\\\/index.php\\\/sklep\\\/\"},{\"@type\":\"ListItem\",\"position\":3,\"name\":\"Dekoracje balonowe na otwarcie restauracji\"}]},{\"@type\":\"WebSite\",\"@id\":\"https:\\\/\\\/partygo.waw.pl\\\/#website\",\"url\":\"https:\\\/\\\/partygo.waw.pl\\\/\",\"name\":\"PartyGo\",\"description\":\"Balony i dekoracje Warszawa Legionowo\",\"publisher\":{\"@id\":\"https:\\\/\\\/partygo.waw.pl\\\/#organization\"},\"potentialAction\":[{\"@type\":\"SearchAction\",\"target\":{\"@type\":\"EntryPoint\",\"urlTemplate\":\"https:\\\/\\\/partygo.waw.pl\\\/?s={search_term_string}\"},\"query-input\":{\"@type\":\"PropertyValueSpecification\",\"valueRequired\":true,\"valueName\":\"search_term_string\"}}],\"inLanguage\":\"pl-PL\"},{\"@type\":\"Organization\",\"@id\":\"https:\\\/\\\/partygo.waw.pl\\\/#organization\",\"name\":\"PartyGo\",\"url\":\"https:\\\/\\\/partygo.waw.pl\\\/\",\"logo\":{\"@type\":\"ImageObject\",\"inLanguage\":\"pl-PL\",\"@id\":\"https:\\\/\\\/partygo.waw.pl\\\/#\\\/schema\\\/logo\\\/image\\\/\",\"url\":\"https:\\\/\\\/partygo.waw.pl\\\/wp-content\\\/uploads\\\/2022\\\/10\\\/logo_party-2.jpg\",\"contentUrl\":\"https:\\\/\\\/partygo.waw.pl\\\/wp-content\\\/uploads\\\/2022\\\/10\\\/logo_party-2.jpg\",\"width\":300,\"height\":300,\"caption\":\"PartyGo\"},\"image\":{\"@id\":\"https:\\\/\\\/partygo.waw.pl\\\/#\\\/schema\\\/logo\\\/image\\\/\"},\"sameAs\":[\"https:\\\/\\\/www.facebook.com\\\/people\\\/Party-Go-Warszawa\\\/\"]}]}<\/script>\n<!-- \/ Yoast SEO plugin. -->","yoast_head_json":{"title":"Dekoracje balonowe na otwarcie restauracji - PartyGo","description":"Efektowna dekoracja balonowa przygotowana z okazji otwarcia restauracji. Kompozycja utrzymana jest w kolorystyce dopasowanej do identyfikacji wizualnej lokalu, dzi\u0119ki czemu ca\u0142o\u015b\u0107 tworzy sp\u00f3jn\u0105 i eleganck\u0105 opraw\u0119 wydarzenia oraz przyci\u0105ga uwag\u0119 go\u015bci i przechodni\u00f3w.","robots":{"index":"index","follow":"follow","max-snippet":"max-snippet:-1","max-image-preview":"max-image-preview:large","max-video-preview":"max-video-preview:-1"},"canonical":"https:\/\/partygo.waw.pl\/index.php\/product\/dekoracje-balonowe-na-otwarcie-restauracji-2\/","og_locale":"pl_PL","og_type":"article","og_title":"Dekoracje balonowe na otwarcie restauracji - PartyGo","og_description":"Efektowna dekoracja balonowa przygotowana z okazji otwarcia restauracji. Kompozycja utrzymana jest w kolorystyce dopasowanej do identyfikacji wizualnej lokalu, dzi\u0119ki czemu ca\u0142o\u015b\u0107 tworzy sp\u00f3jn\u0105 i eleganck\u0105 opraw\u0119 wydarzenia oraz przyci\u0105ga uwag\u0119 go\u015bci i przechodni\u00f3w.","og_url":"https:\/\/partygo.waw.pl\/index.php\/product\/dekoracje-balonowe-na-otwarcie-restauracji-2\/","og_site_name":"PartyGo","article_publisher":"https:\/\/www.facebook.com\/people\/Party-Go-Warszawa\/","og_image":[{"width":2000,"height":1500,"url":"https:\/\/partygo.waw.pl\/wp-content\/uploads\/2026\/03\/1739782091187.jpg","type":"image\/jpeg"}],"twitter_card":"summary_large_image","twitter_misc":{"Szacowany czas czytania":"2 minuty"},"schema":{"@context":"https:\/\/schema.org","@graph":[{"@type":"WebPage","@id":"https:\/\/partygo.waw.pl\/index.php\/product\/dekoracje-balonowe-na-otwarcie-restauracji-2\/","url":"https:\/\/partygo.waw.pl\/index.php\/product\/dekoracje-balonowe-na-otwarcie-restauracji-2\/","name":"Dekoracje balonowe na otwarcie restauracji - PartyGo","isPartOf":{"@id":"https:\/\/partygo.waw.pl\/#website"},"primaryImageOfPage":{"@id":"https:\/\/partygo.waw.pl\/index.php\/product\/dekoracje-balonowe-na-otwarcie-restauracji-2\/#primaryimage"},"image":{"@id":"https:\/\/partygo.waw.pl\/index.php\/product\/dekoracje-balonowe-na-otwarcie-restauracji-2\/#primaryimage"},"thumbnailUrl":"https:\/\/partygo.waw.pl\/wp-content\/uploads\/2026\/03\/1739782091187.jpg","datePublished":"2026-03-16T12:38:31+00:00","description":"Efektowna dekoracja balonowa przygotowana z okazji otwarcia restauracji. Kompozycja utrzymana jest w kolorystyce dopasowanej do identyfikacji wizualnej lokalu, dzi\u0119ki czemu ca\u0142o\u015b\u0107 tworzy sp\u00f3jn\u0105 i eleganck\u0105 opraw\u0119 wydarzenia oraz przyci\u0105ga uwag\u0119 go\u015bci i przechodni\u00f3w.","breadcrumb":{"@id":"https:\/\/partygo.waw.pl\/index.php\/product\/dekoracje-balonowe-na-otwarcie-restauracji-2\/#breadcrumb"},"inLanguage":"pl-PL","potentialAction":[{"@type":"ReadAction","target":["https:\/\/partygo.waw.pl\/index.php\/product\/dekoracje-balonowe-na-otwarcie-restauracji-2\/"]}]},{"@type":"ImageObject","inLanguage":"pl-PL","@id":"https:\/\/partygo.waw.pl\/index.php\/product\/dekoracje-balonowe-na-otwarcie-restauracji-2\/#primaryimage","url":"https:\/\/partygo.waw.pl\/wp-content\/uploads\/2026\/03\/1739782091187.jpg","contentUrl":"https:\/\/partygo.waw.pl\/wp-content\/uploads\/2026\/03\/1739782091187.jpg","width":2000,"height":1500},{"@type":"BreadcrumbList","@id":"https:\/\/partygo.waw.pl\/index.php\/product\/dekoracje-balonowe-na-otwarcie-restauracji-2\/#breadcrumb","itemListElement":[{"@type":"ListItem","position":1,"name":"Strona g\u0142\u00f3wna","item":"https:\/\/partygo.waw.pl\/"},{"@type":"ListItem","position":2,"name":"Galeria&#038;Sklep","item":"https:\/\/partygo.waw.pl\/index.php\/sklep\/"},{"@type":"ListItem","position":3,"name":"Dekoracje balonowe na otwarcie restauracji"}]},{"@type":"WebSite","@id":"https:\/\/partygo.waw.pl\/#website","url":"https:\/\/partygo.waw.pl\/","name":"PartyGo","description":"Balony i dekoracje Warszawa Legionowo","publisher":{"@id":"https:\/\/partygo.waw.pl\/#organization"},"potentialAction":[{"@type":"SearchAction","target":{"@type":"EntryPoint","urlTemplate":"https:\/\/partygo.waw.pl\/?s={search_term_string}"},"query-input":{"@type":"PropertyValueSpecification","valueRequired":true,"valueName":"search_term_string"}}],"inLanguage":"pl-PL"},{"@type":"Organization","@id":"https:\/\/partygo.waw.pl\/#organization","name":"PartyGo","url":"https:\/\/partygo.waw.pl\/","logo":{"@type":"ImageObject","inLanguage":"pl-PL","@id":"https:\/\/partygo.waw.pl\/#\/schema\/logo\/image\/","url":"https:\/\/partygo.waw.pl\/wp-content\/uploads\/2022\/10\/logo_party-2.jpg","contentUrl":"https:\/\/partygo.waw.pl\/wp-content\/uploads\/2022\/10\/logo_party-2.jpg","width":300,"height":300,"caption":"PartyGo"},"image":{"@id":"https:\/\/partygo.waw.pl\/#\/schema\/logo\/image\/"},"sameAs":["https:\/\/www.facebook.com\/people\/Party-Go-Warszawa\/"]}]}},"_links":{"self":[{"href":"https:\/\/partygo.waw.pl\/index.php\/wp-json\/wp\/v2\/product\/1585","targetHints":{"allow":["GET"]}}],"collection":[{"href":"https:\/\/partygo.waw.pl\/index.php\/wp-json\/wp\/v2\/product"}],"about":[{"href":"https:\/\/partygo.waw.pl\/index.php\/wp-json\/wp\/v2\/types\/product"}],"replies":[{"embeddable":true,"href":"https:\/\/partygo.waw.pl\/index.php\/wp-json\/wp\/v2\/comments?post=1585"}],"wp:featuredmedia":[{"embeddable":true,"href":"https:\/\/partygo.waw.pl\/index.php\/wp-json\/wp\/v2\/media\/1565"}],"wp:attachment":[{"href":"https:\/\/partygo.waw.pl\/index.php\/wp-json\/wp\/v2\/media?parent=1585"}],"wp:term":[{"taxonomy":"product_brand","embeddable":true,"href":"https:\/\/partygo.waw.pl\/index.php\/wp-json\/wp\/v2\/product_brand?post=1585"},{"taxonomy":"product_cat","embeddable":true,"href":"https:\/\/partygo.waw.pl\/index.php\/wp-json\/wp\/v2\/product_cat?post=1585"},{"taxonomy":"product_tag","embeddable":true,"href":"https:\/\/partygo.waw.pl\/index.php\/wp-json\/wp\/v2\/product_tag?post=1585"}],"curies":[{"name":"wp","href":"https:\/\/api.w.org\/{rel}","templated":true}]}}