{"id":1587,"date":"2026-03-16T14:14:51","date_gmt":"2026-03-16T13:14:51","guid":{"rendered":"https:\/\/partygo.waw.pl\/?post_type=product&#038;p=1587"},"modified":"2026-03-16T14:14:52","modified_gmt":"2026-03-16T13:14:52","slug":"dekoracje-balonowe-na-3-urodziny","status":"publish","type":"product","link":"https:\/\/partygo.waw.pl\/index.php\/product\/dekoracje-balonowe-na-3-urodziny\/","title":{"rendered":"Dekoracje balonowe na 3 urodziny"},"content":{"rendered":"<h2 data-start=\"0\" data-end=\"53\"><strong data-start=\"0\" data-end=\"53\">Dekoracje balonowe na 3. urodziny dla dziewczynki<\/strong><\/h2>\n<p>Kolorowa i bajkowa kompozycja balonowa przygotowana z my\u015bl\u0105 o 3. urodzinach dziewczynki. Motyw t\u0119czowego jednoro\u017cca w po\u0142\u0105czeniu z ulubion\u0105 postaci\u0105 z bajki \u2013 \u015awink\u0105 Pepp\u0105 \u2013 tworzy radosn\u0105 i wyj\u0105tkow\u0105 dekoracj\u0119, kt\u00f3ra z pewno\u015bci\u0105 zachwyci ma\u0142\u0105 solenizantk\u0119 i jej go\u015bci.<\/p>\n<p>Centralnym elementem zestawu jest du\u017cy, t\u0119czowy jednoro\u017cec oraz balon w kszta\u0142cie cyfry \u201e3\u201d. Ca\u0142o\u015b\u0107 uzupe\u0142niaj\u0105 balony tematyczne oraz kolorowe balony lateksowe, kt\u00f3re tworz\u0105 efektowny bukiet urodzinowy.<\/p>\n<h3 data-start=\"531\" data-end=\"559\"><strong data-start=\"531\" data-end=\"559\">W sk\u0142ad zestawu wchodzi:<\/strong><\/h3>\n<ul data-start=\"560\" data-end=\"956\">\n<li data-section-id=\"1cvy7qo\" data-start=\"560\" data-end=\"637\">olbrzymi balon foliowy t\u0119czowy jednoro\u017cec o wysoko\u015bci ok. 135 cm,<\/li>\n<li data-section-id=\"1ywg74x\" data-start=\"638\" data-end=\"714\">balon foliowy cyfra \u201e3\u201d w t\u0119czowym kolorze \u2013 wysoko\u015b\u0107 ok. 76 cm,<\/li>\n<li data-section-id=\"gyhhc\" data-start=\"715\" data-end=\"775\">balon foliowy \u015awinka Peppa \u2013 wysoko\u015b\u0107 ok. 79 cm,<\/li>\n<li data-section-id=\"1arkf5f\" data-start=\"776\" data-end=\"836\">balon foliowy korona ze spersonalizowanym nadrukiem,<\/li>\n<li data-section-id=\"1q3vcmk\" data-start=\"837\" data-end=\"901\">balon foliowy g\u0142owa jednoro\u017cca \u2013 wysoko\u015b\u0107 ok. 65 cm,<\/li>\n<li data-section-id=\"yu0ryx\" data-start=\"902\" data-end=\"932\">9 balon\u00f3w lateksowych,<\/li>\n<li data-section-id=\"8b8gt2\" data-start=\"933\" data-end=\"956\">pompowanie helem.<\/li>\n<\/ul>\n<p>Dekoracja doskonale sprawdzi si\u0119 podczas przyj\u0119cia urodzinowego w domu, w sali zabaw lub restauracji. To tak\u017ce pi\u0119kne t\u0142o do zdj\u0119\u0107 oraz wyj\u0105tkowa niespodzianka dla ma\u0142ej solenizantki.<\/p>\n<p>Na \u017cyczenie mo\u017cliwe jest dopasowanie kolorystyki oraz tre\u015bci personalizacji do charakteru przyj\u0119cia.<\/p>\n<p>&nbsp;<\/p>\n","protected":false},"excerpt":{"rendered":"<p>Dekoracje balonowe na 3. urodziny dla dziewczynki Kolorowa i bajkowa kompozycja balonowa przygotowana z my\u015bl\u0105 o 3. urodzinach dziewczynki. Motyw t\u0119czowego jednoro\u017cca w po\u0142\u0105czeniu z ulubion\u0105 postaci\u0105 z bajki \u2013 \u015awink\u0105 Pepp\u0105 \u2013 tworzy radosn\u0105 i wyj\u0105tkow\u0105 dekoracj\u0119, kt\u00f3ra z pewno\u015bci\u0105 zachwyci ma\u0142\u0105 solenizantk\u0119 i jej go\u015bci. Centralnym elementem zestawu jest du\u017cy, t\u0119czowy jednoro\u017cec oraz&hellip;&nbsp;<a href=\"https:\/\/partygo.waw.pl\/index.php\/product\/dekoracje-balonowe-na-3-urodziny\/\" class=\"\" rel=\"bookmark\">Czytaj dalej &raquo;<span class=\"screen-reader-text\">Dekoracje balonowe na 3 urodziny<\/span><\/a><\/p>\n","protected":false},"featured_media":1568,"comment_status":"open","ping_status":"closed","template":"","meta":{"neve_meta_sidebar":"","neve_meta_container":"","neve_meta_enable_content_width":"off","neve_meta_content_width":100,"neve_meta_title_alignment":"","neve_meta_author_avatar":"","neve_post_elements_order":"","neve_meta_disable_header":"","neve_meta_disable_footer":"","neve_meta_disable_title":"","_vp_format_video_url":"","_vp_image_focal_point":[]},"product_brand":[],"product_cat":[45,40],"product_tag":[],"class_list":{"0":"post-1587","1":"product","2":"type-product","3":"status-publish","4":"has-post-thumbnail","6":"product_cat-bukiety-urodzinowe","7":"product_cat-misc","9":"first","10":"onbackorder","11":"shipping-taxable","12":"product-type-simple"},"yoast_head":"<!-- This site is optimized with the Yoast SEO plugin v27.3 - https:\/\/yoast.com\/product\/yoast-seo-wordpress\/ -->\n<title>Dekoracje balonowe na 3 urodziny - PartyGo<\/title>\n<meta name=\"description\" content=\"Kolorowa i bajkowa kompozycja balonowa przygotowana z my\u015bl\u0105 o 3. urodzinach dziewczynki. Motyw t\u0119czowego jednoro\u017cca w po\u0142\u0105czeniu z ulubion\u0105 postaci\u0105 z bajki \u2013 \u015awink\u0105 Pepp\u0105 \u2013 tworzy radosn\u0105 i wyj\u0105tkow\u0105 dekoracj\u0119, kt\u00f3ra z pewno\u015bci\u0105 zachwyci ma\u0142\u0105 solenizantk\u0119 i jej go\u015bci.\" \/>\n<meta name=\"robots\" content=\"index, follow, max-snippet:-1, max-image-preview:large, max-video-preview:-1\" \/>\n<link rel=\"canonical\" href=\"https:\/\/partygo.waw.pl\/index.php\/product\/dekoracje-balonowe-na-3-urodziny\/\" \/>\n<meta property=\"og:locale\" content=\"pl_PL\" \/>\n<meta property=\"og:type\" content=\"article\" \/>\n<meta property=\"og:title\" content=\"Dekoracje balonowe na 3 urodziny - PartyGo\" \/>\n<meta property=\"og:description\" content=\"Kolorowa i bajkowa kompozycja balonowa przygotowana z my\u015bl\u0105 o 3. urodzinach dziewczynki. Motyw t\u0119czowego jednoro\u017cca w po\u0142\u0105czeniu z ulubion\u0105 postaci\u0105 z bajki \u2013 \u015awink\u0105 Pepp\u0105 \u2013 tworzy radosn\u0105 i wyj\u0105tkow\u0105 dekoracj\u0119, kt\u00f3ra z pewno\u015bci\u0105 zachwyci ma\u0142\u0105 solenizantk\u0119 i jej go\u015bci.\" \/>\n<meta property=\"og:url\" content=\"https:\/\/partygo.waw.pl\/index.php\/product\/dekoracje-balonowe-na-3-urodziny\/\" \/>\n<meta property=\"og:site_name\" content=\"PartyGo\" \/>\n<meta property=\"article:publisher\" content=\"https:\/\/www.facebook.com\/people\/Party-Go-Warszawa\/\" \/>\n<meta property=\"article:modified_time\" content=\"2026-03-16T13:14:52+00:00\" \/>\n<meta property=\"og:image\" content=\"https:\/\/partygo.waw.pl\/wp-content\/uploads\/2026\/03\/1000014339-scaled.jpg\" \/>\n\t<meta property=\"og:image:width\" content=\"2074\" \/>\n\t<meta property=\"og:image:height\" content=\"2560\" \/>\n\t<meta property=\"og:image:type\" content=\"image\/jpeg\" \/>\n<meta name=\"twitter:card\" content=\"summary_large_image\" \/>\n<meta name=\"twitter:label1\" content=\"Szacowany czas czytania\" \/>\n\t<meta name=\"twitter:data1\" content=\"2 minuty\" \/>\n<script type=\"application\/ld+json\" class=\"yoast-schema-graph\">{\"@context\":\"https:\\\/\\\/schema.org\",\"@graph\":[{\"@type\":\"WebPage\",\"@id\":\"https:\\\/\\\/partygo.waw.pl\\\/index.php\\\/product\\\/dekoracje-balonowe-na-3-urodziny\\\/\",\"url\":\"https:\\\/\\\/partygo.waw.pl\\\/index.php\\\/product\\\/dekoracje-balonowe-na-3-urodziny\\\/\",\"name\":\"Dekoracje balonowe na 3 urodziny - PartyGo\",\"isPartOf\":{\"@id\":\"https:\\\/\\\/partygo.waw.pl\\\/#website\"},\"primaryImageOfPage\":{\"@id\":\"https:\\\/\\\/partygo.waw.pl\\\/index.php\\\/product\\\/dekoracje-balonowe-na-3-urodziny\\\/#primaryimage\"},\"image\":{\"@id\":\"https:\\\/\\\/partygo.waw.pl\\\/index.php\\\/product\\\/dekoracje-balonowe-na-3-urodziny\\\/#primaryimage\"},\"thumbnailUrl\":\"https:\\\/\\\/partygo.waw.pl\\\/wp-content\\\/uploads\\\/2026\\\/03\\\/1000014339-scaled.jpg\",\"datePublished\":\"2026-03-16T13:14:51+00:00\",\"dateModified\":\"2026-03-16T13:14:52+00:00\",\"description\":\"Kolorowa i bajkowa kompozycja balonowa przygotowana z my\u015bl\u0105 o 3. urodzinach dziewczynki. Motyw t\u0119czowego jednoro\u017cca w po\u0142\u0105czeniu z ulubion\u0105 postaci\u0105 z bajki \u2013 \u015awink\u0105 Pepp\u0105 \u2013 tworzy radosn\u0105 i wyj\u0105tkow\u0105 dekoracj\u0119, kt\u00f3ra z pewno\u015bci\u0105 zachwyci ma\u0142\u0105 solenizantk\u0119 i jej go\u015bci.\",\"breadcrumb\":{\"@id\":\"https:\\\/\\\/partygo.waw.pl\\\/index.php\\\/product\\\/dekoracje-balonowe-na-3-urodziny\\\/#breadcrumb\"},\"inLanguage\":\"pl-PL\",\"potentialAction\":[{\"@type\":\"ReadAction\",\"target\":[\"https:\\\/\\\/partygo.waw.pl\\\/index.php\\\/product\\\/dekoracje-balonowe-na-3-urodziny\\\/\"]}]},{\"@type\":\"ImageObject\",\"inLanguage\":\"pl-PL\",\"@id\":\"https:\\\/\\\/partygo.waw.pl\\\/index.php\\\/product\\\/dekoracje-balonowe-na-3-urodziny\\\/#primaryimage\",\"url\":\"https:\\\/\\\/partygo.waw.pl\\\/wp-content\\\/uploads\\\/2026\\\/03\\\/1000014339-scaled.jpg\",\"contentUrl\":\"https:\\\/\\\/partygo.waw.pl\\\/wp-content\\\/uploads\\\/2026\\\/03\\\/1000014339-scaled.jpg\",\"width\":2074,\"height\":2560},{\"@type\":\"BreadcrumbList\",\"@id\":\"https:\\\/\\\/partygo.waw.pl\\\/index.php\\\/product\\\/dekoracje-balonowe-na-3-urodziny\\\/#breadcrumb\",\"itemListElement\":[{\"@type\":\"ListItem\",\"position\":1,\"name\":\"Strona g\u0142\u00f3wna\",\"item\":\"https:\\\/\\\/partygo.waw.pl\\\/\"},{\"@type\":\"ListItem\",\"position\":2,\"name\":\"Galeria&#038;Sklep\",\"item\":\"https:\\\/\\\/partygo.waw.pl\\\/index.php\\\/sklep\\\/\"},{\"@type\":\"ListItem\",\"position\":3,\"name\":\"Dekoracje balonowe na 3 urodziny\"}]},{\"@type\":\"WebSite\",\"@id\":\"https:\\\/\\\/partygo.waw.pl\\\/#website\",\"url\":\"https:\\\/\\\/partygo.waw.pl\\\/\",\"name\":\"PartyGo\",\"description\":\"Balony i dekoracje Warszawa Legionowo\",\"publisher\":{\"@id\":\"https:\\\/\\\/partygo.waw.pl\\\/#organization\"},\"potentialAction\":[{\"@type\":\"SearchAction\",\"target\":{\"@type\":\"EntryPoint\",\"urlTemplate\":\"https:\\\/\\\/partygo.waw.pl\\\/?s={search_term_string}\"},\"query-input\":{\"@type\":\"PropertyValueSpecification\",\"valueRequired\":true,\"valueName\":\"search_term_string\"}}],\"inLanguage\":\"pl-PL\"},{\"@type\":\"Organization\",\"@id\":\"https:\\\/\\\/partygo.waw.pl\\\/#organization\",\"name\":\"PartyGo\",\"url\":\"https:\\\/\\\/partygo.waw.pl\\\/\",\"logo\":{\"@type\":\"ImageObject\",\"inLanguage\":\"pl-PL\",\"@id\":\"https:\\\/\\\/partygo.waw.pl\\\/#\\\/schema\\\/logo\\\/image\\\/\",\"url\":\"https:\\\/\\\/partygo.waw.pl\\\/wp-content\\\/uploads\\\/2022\\\/10\\\/logo_party-2.jpg\",\"contentUrl\":\"https:\\\/\\\/partygo.waw.pl\\\/wp-content\\\/uploads\\\/2022\\\/10\\\/logo_party-2.jpg\",\"width\":300,\"height\":300,\"caption\":\"PartyGo\"},\"image\":{\"@id\":\"https:\\\/\\\/partygo.waw.pl\\\/#\\\/schema\\\/logo\\\/image\\\/\"},\"sameAs\":[\"https:\\\/\\\/www.facebook.com\\\/people\\\/Party-Go-Warszawa\\\/\"]}]}<\/script>\n<!-- \/ Yoast SEO plugin. -->","yoast_head_json":{"title":"Dekoracje balonowe na 3 urodziny - PartyGo","description":"Kolorowa i bajkowa kompozycja balonowa przygotowana z my\u015bl\u0105 o 3. urodzinach dziewczynki. Motyw t\u0119czowego jednoro\u017cca w po\u0142\u0105czeniu z ulubion\u0105 postaci\u0105 z bajki \u2013 \u015awink\u0105 Pepp\u0105 \u2013 tworzy radosn\u0105 i wyj\u0105tkow\u0105 dekoracj\u0119, kt\u00f3ra z pewno\u015bci\u0105 zachwyci ma\u0142\u0105 solenizantk\u0119 i jej go\u015bci.","robots":{"index":"index","follow":"follow","max-snippet":"max-snippet:-1","max-image-preview":"max-image-preview:large","max-video-preview":"max-video-preview:-1"},"canonical":"https:\/\/partygo.waw.pl\/index.php\/product\/dekoracje-balonowe-na-3-urodziny\/","og_locale":"pl_PL","og_type":"article","og_title":"Dekoracje balonowe na 3 urodziny - PartyGo","og_description":"Kolorowa i bajkowa kompozycja balonowa przygotowana z my\u015bl\u0105 o 3. urodzinach dziewczynki. Motyw t\u0119czowego jednoro\u017cca w po\u0142\u0105czeniu z ulubion\u0105 postaci\u0105 z bajki \u2013 \u015awink\u0105 Pepp\u0105 \u2013 tworzy radosn\u0105 i wyj\u0105tkow\u0105 dekoracj\u0119, kt\u00f3ra z pewno\u015bci\u0105 zachwyci ma\u0142\u0105 solenizantk\u0119 i jej go\u015bci.","og_url":"https:\/\/partygo.waw.pl\/index.php\/product\/dekoracje-balonowe-na-3-urodziny\/","og_site_name":"PartyGo","article_publisher":"https:\/\/www.facebook.com\/people\/Party-Go-Warszawa\/","article_modified_time":"2026-03-16T13:14:52+00:00","og_image":[{"width":2074,"height":2560,"url":"https:\/\/partygo.waw.pl\/wp-content\/uploads\/2026\/03\/1000014339-scaled.jpg","type":"image\/jpeg"}],"twitter_card":"summary_large_image","twitter_misc":{"Szacowany czas czytania":"2 minuty"},"schema":{"@context":"https:\/\/schema.org","@graph":[{"@type":"WebPage","@id":"https:\/\/partygo.waw.pl\/index.php\/product\/dekoracje-balonowe-na-3-urodziny\/","url":"https:\/\/partygo.waw.pl\/index.php\/product\/dekoracje-balonowe-na-3-urodziny\/","name":"Dekoracje balonowe na 3 urodziny - PartyGo","isPartOf":{"@id":"https:\/\/partygo.waw.pl\/#website"},"primaryImageOfPage":{"@id":"https:\/\/partygo.waw.pl\/index.php\/product\/dekoracje-balonowe-na-3-urodziny\/#primaryimage"},"image":{"@id":"https:\/\/partygo.waw.pl\/index.php\/product\/dekoracje-balonowe-na-3-urodziny\/#primaryimage"},"thumbnailUrl":"https:\/\/partygo.waw.pl\/wp-content\/uploads\/2026\/03\/1000014339-scaled.jpg","datePublished":"2026-03-16T13:14:51+00:00","dateModified":"2026-03-16T13:14:52+00:00","description":"Kolorowa i bajkowa kompozycja balonowa przygotowana z my\u015bl\u0105 o 3. urodzinach dziewczynki. Motyw t\u0119czowego jednoro\u017cca w po\u0142\u0105czeniu z ulubion\u0105 postaci\u0105 z bajki \u2013 \u015awink\u0105 Pepp\u0105 \u2013 tworzy radosn\u0105 i wyj\u0105tkow\u0105 dekoracj\u0119, kt\u00f3ra z pewno\u015bci\u0105 zachwyci ma\u0142\u0105 solenizantk\u0119 i jej go\u015bci.","breadcrumb":{"@id":"https:\/\/partygo.waw.pl\/index.php\/product\/dekoracje-balonowe-na-3-urodziny\/#breadcrumb"},"inLanguage":"pl-PL","potentialAction":[{"@type":"ReadAction","target":["https:\/\/partygo.waw.pl\/index.php\/product\/dekoracje-balonowe-na-3-urodziny\/"]}]},{"@type":"ImageObject","inLanguage":"pl-PL","@id":"https:\/\/partygo.waw.pl\/index.php\/product\/dekoracje-balonowe-na-3-urodziny\/#primaryimage","url":"https:\/\/partygo.waw.pl\/wp-content\/uploads\/2026\/03\/1000014339-scaled.jpg","contentUrl":"https:\/\/partygo.waw.pl\/wp-content\/uploads\/2026\/03\/1000014339-scaled.jpg","width":2074,"height":2560},{"@type":"BreadcrumbList","@id":"https:\/\/partygo.waw.pl\/index.php\/product\/dekoracje-balonowe-na-3-urodziny\/#breadcrumb","itemListElement":[{"@type":"ListItem","position":1,"name":"Strona g\u0142\u00f3wna","item":"https:\/\/partygo.waw.pl\/"},{"@type":"ListItem","position":2,"name":"Galeria&#038;Sklep","item":"https:\/\/partygo.waw.pl\/index.php\/sklep\/"},{"@type":"ListItem","position":3,"name":"Dekoracje balonowe na 3 urodziny"}]},{"@type":"WebSite","@id":"https:\/\/partygo.waw.pl\/#website","url":"https:\/\/partygo.waw.pl\/","name":"PartyGo","description":"Balony i dekoracje Warszawa Legionowo","publisher":{"@id":"https:\/\/partygo.waw.pl\/#organization"},"potentialAction":[{"@type":"SearchAction","target":{"@type":"EntryPoint","urlTemplate":"https:\/\/partygo.waw.pl\/?s={search_term_string}"},"query-input":{"@type":"PropertyValueSpecification","valueRequired":true,"valueName":"search_term_string"}}],"inLanguage":"pl-PL"},{"@type":"Organization","@id":"https:\/\/partygo.waw.pl\/#organization","name":"PartyGo","url":"https:\/\/partygo.waw.pl\/","logo":{"@type":"ImageObject","inLanguage":"pl-PL","@id":"https:\/\/partygo.waw.pl\/#\/schema\/logo\/image\/","url":"https:\/\/partygo.waw.pl\/wp-content\/uploads\/2022\/10\/logo_party-2.jpg","contentUrl":"https:\/\/partygo.waw.pl\/wp-content\/uploads\/2022\/10\/logo_party-2.jpg","width":300,"height":300,"caption":"PartyGo"},"image":{"@id":"https:\/\/partygo.waw.pl\/#\/schema\/logo\/image\/"},"sameAs":["https:\/\/www.facebook.com\/people\/Party-Go-Warszawa\/"]}]}},"_links":{"self":[{"href":"https:\/\/partygo.waw.pl\/index.php\/wp-json\/wp\/v2\/product\/1587","targetHints":{"allow":["GET"]}}],"collection":[{"href":"https:\/\/partygo.waw.pl\/index.php\/wp-json\/wp\/v2\/product"}],"about":[{"href":"https:\/\/partygo.waw.pl\/index.php\/wp-json\/wp\/v2\/types\/product"}],"replies":[{"embeddable":true,"href":"https:\/\/partygo.waw.pl\/index.php\/wp-json\/wp\/v2\/comments?post=1587"}],"wp:featuredmedia":[{"embeddable":true,"href":"https:\/\/partygo.waw.pl\/index.php\/wp-json\/wp\/v2\/media\/1568"}],"wp:attachment":[{"href":"https:\/\/partygo.waw.pl\/index.php\/wp-json\/wp\/v2\/media?parent=1587"}],"wp:term":[{"taxonomy":"product_brand","embeddable":true,"href":"https:\/\/partygo.waw.pl\/index.php\/wp-json\/wp\/v2\/product_brand?post=1587"},{"taxonomy":"product_cat","embeddable":true,"href":"https:\/\/partygo.waw.pl\/index.php\/wp-json\/wp\/v2\/product_cat?post=1587"},{"taxonomy":"product_tag","embeddable":true,"href":"https:\/\/partygo.waw.pl\/index.php\/wp-json\/wp\/v2\/product_tag?post=1587"}],"curies":[{"name":"wp","href":"https:\/\/api.w.org\/{rel}","templated":true}]}}