{"id":1588,"date":"2026-03-16T14:26:33","date_gmt":"2026-03-16T13:26:33","guid":{"rendered":"https:\/\/partygo.waw.pl\/?post_type=product&#038;p=1588"},"modified":"2026-03-16T14:31:06","modified_gmt":"2026-03-16T13:31:06","slug":"brama-balonowa","status":"publish","type":"product","link":"https:\/\/partygo.waw.pl\/index.php\/product\/brama-balonowa\/","title":{"rendered":"Brama balonowa"},"content":{"rendered":"<div class=\"relative basis-auto flex-col -mb-(--composer-overlap-px) [--composer-overlap-px:28px] grow flex\">\n<div class=\"flex flex-col text-sm pb-25\">\n<article class=\"text-token-text-primary w-full focus:outline-none [--shadow-height:45px] has-data-writing-block:pointer-events-none has-data-writing-block:-mt-(--shadow-height) has-data-writing-block:pt-(--shadow-height) [&amp;:has([data-writing-block])&gt;*]:pointer-events-auto scroll-mt-[calc(var(--header-height)+min(200px,max(70px,20svh)))]\" dir=\"auto\" tabindex=\"-1\" data-turn-id=\"request-6996e3e7-5b08-8330-9d2d-c4db58b944d0-8\" data-testid=\"conversation-turn-162\" data-scroll-anchor=\"true\" data-turn=\"assistant\">\n<div class=\"text-base my-auto mx-auto pb-10 [--thread-content-margin:var(--thread-content-margin-xs,calc(var(--spacing)*4))] @w-sm\/main:[--thread-content-margin:var(--thread-content-margin-sm,calc(var(--spacing)*6))] @w-lg\/main:[--thread-content-margin:var(--thread-content-margin-lg,calc(var(--spacing)*16))] px-(--thread-content-margin)\">\n<div class=\"[--thread-content-max-width:40rem] @w-lg\/main:[--thread-content-max-width:48rem] mx-auto max-w-(--thread-content-max-width) flex-1 group\/turn-messages focus-visible:outline-hidden relative flex w-full min-w-0 flex-col agent-turn\" tabindex=\"-1\">\n<div class=\"flex max-w-full flex-col gap-4 grow\">\n<div class=\"min-h-8 text-message relative flex w-full flex-col items-end gap-2 text-start break-words whitespace-normal [.text-message+&amp;]:mt-1\" dir=\"auto\" data-message-author-role=\"assistant\" data-message-id=\"3ad2df7c-3599-4ca9-8a41-2b5e0b56a589\" data-message-model-slug=\"gpt-5-3\">\n<div class=\"flex w-full flex-col gap-1 empty:hidden\">\n<div class=\"markdown prose dark:prose-invert w-full wrap-break-word light markdown-new-styling\">\n<h2 data-start=\"0\" data-end=\"52\"><strong data-start=\"0\" data-end=\"52\">Brama balonowa na urodziny lub otwarcie plac\u00f3wki<\/strong><\/h2>\n<p>Efektowna brama balonowa to doskona\u0142a dekoracja na urodziny, otwarcie sklepu, lokalu lub innej plac\u00f3wki. Spiralny uk\u0142ad balon\u00f3w tworzy eleganck\u0105 i przyci\u0105gaj\u0105c\u0105 uwag\u0119 form\u0119, kt\u00f3ra podkre\u015bla wyj\u0105tkowy charakter wydarzenia i zach\u0119ca go\u015bci do wej\u015bcia.<\/p>\n<\/div>\n<div class=\"markdown prose dark:prose-invert w-full wrap-break-word light markdown-new-styling\">\n<p>Dekoracja mo\u017ce by\u0107 wykonana w kolorystyce dopasowanej do barw firmowych lub motywu przewodniego imprezy, dzi\u0119ki czemu tworzy sp\u00f3jn\u0105 i estetyczn\u0105 opraw\u0119 wydarzenia.<\/p>\n<h3 data-start=\"469\" data-end=\"496\"><strong data-start=\"469\" data-end=\"496\">Specyfikacja dekoracji:<\/strong><\/h3>\n<ul data-start=\"497\" data-end=\"715\">\n<li data-section-id=\"aknr44\" data-start=\"497\" data-end=\"553\">spiralna brama balonowa o d\u0142ugo\u015bci ok. 5 metr\u00f3w,<\/li>\n<li data-section-id=\"1gggm6r\" data-start=\"554\" data-end=\"627\">stabilna konstrukcja umo\u017cliwiaj\u0105ca ustawienie przy wej\u015bciu do lokalu,<\/li>\n<li data-section-id=\"agh1au\" data-start=\"628\" data-end=\"715\">kolorystyka dopasowana do identyfikacji wizualnej firmy lub charakteru przyj\u0119cia.<\/li>\n<\/ul>\n<p>Brama balonowa doskonale sprawdzi si\u0119 podczas otwarcia sklepu, restauracji, salonu us\u0142ugowego, event\u00f3w promocyjnych oraz przyj\u0119\u0107 urodzinowych. Stanowi efektown\u0105 dekoracj\u0119 wej\u015bcia oraz atrakcyjne t\u0142o do zdj\u0119\u0107.<\/p>\n<\/div>\n<div class=\"markdown prose dark:prose-invert w-full wrap-break-word light markdown-new-styling\">Na \u017cyczenie mo\u017cliwe jest dopasowanie kolorystyki, wielko\u015bci dekoracji oraz dodatkowych element\u00f3w do indywidualnych potrzeb wydarzenia.<\/div>\n<div><\/div>\n<div>\n<h4 data-start=\"286\" data-end=\"333\"><strong data-start=\"286\" data-end=\"333\">Realizacja dekoracji balonowych w Warszawie<\/strong><\/h4>\n<p data-start=\"335\" data-end=\"602\">Wykonujemy dekoracje balonowe na eventy firmowe, otwarcia lokali oraz jubileusze na terenie\u00a0<strong data-start=\"427\" data-end=\"448\">Warszawy i okolic<\/strong>. Kolumny balonowe, girlandy organiczne oraz dekoracje z nadrukiem przygotowujemy indywidualnie, dopasowuj\u0105c kolorystyk\u0119 do identyfikacji wizualnej firmy.<\/p>\n<\/div>\n<\/div>\n<\/div>\n<\/div>\n<\/div>\n<\/div>\n<\/article>\n<\/div>\n<\/div>\n","protected":false},"excerpt":{"rendered":"<p>Brama balonowa na urodziny lub otwarcie plac\u00f3wki Efektowna brama balonowa to doskona\u0142a dekoracja na urodziny, otwarcie sklepu, lokalu lub innej plac\u00f3wki. Spiralny uk\u0142ad balon\u00f3w tworzy eleganck\u0105 i przyci\u0105gaj\u0105c\u0105 uwag\u0119 form\u0119, kt\u00f3ra podkre\u015bla wyj\u0105tkowy charakter wydarzenia i zach\u0119ca go\u015bci do wej\u015bcia. Dekoracja mo\u017ce by\u0107 wykonana w kolorystyce dopasowanej do barw firmowych lub motywu przewodniego imprezy, dzi\u0119ki&hellip;&nbsp;<a href=\"https:\/\/partygo.waw.pl\/index.php\/product\/brama-balonowa\/\" class=\"\" rel=\"bookmark\">Czytaj dalej &raquo;<span class=\"screen-reader-text\">Brama balonowa<\/span><\/a><\/p>\n","protected":false},"featured_media":1558,"comment_status":"open","ping_status":"closed","template":"","meta":{"neve_meta_sidebar":"","neve_meta_container":"","neve_meta_enable_content_width":"off","neve_meta_content_width":100,"neve_meta_title_alignment":"","neve_meta_author_avatar":"","neve_post_elements_order":"","neve_meta_disable_header":"","neve_meta_disable_footer":"","neve_meta_disable_title":"","_vp_format_video_url":"","_vp_image_focal_point":[]},"product_brand":[],"product_cat":[52,40],"product_tag":[],"class_list":{"0":"post-1588","1":"product","2":"type-product","3":"status-publish","4":"has-post-thumbnail","6":"product_cat-dekoracje-dla-firm","7":"product_cat-misc","9":"first","10":"onbackorder","11":"shipping-taxable","12":"product-type-simple"},"yoast_head":"<!-- This site is optimized with the Yoast SEO plugin v27.3 - https:\/\/yoast.com\/product\/yoast-seo-wordpress\/ -->\n<title>Brama balonowa - PartyGo<\/title>\n<meta name=\"description\" content=\"Efektowna brama balonowa to doskona\u0142a dekoracja na urodziny, otwarcie sklepu, lokalu lub innej plac\u00f3wki. Spiralny uk\u0142ad balon\u00f3w tworzy eleganck\u0105 i przyci\u0105gaj\u0105c\u0105 uwag\u0119 form\u0119, kt\u00f3ra podkre\u015bla wyj\u0105tkowy charakter wydarzenia i zach\u0119ca go\u015bci do wej\u015bcia.\" \/>\n<meta name=\"robots\" content=\"index, follow, max-snippet:-1, max-image-preview:large, max-video-preview:-1\" \/>\n<link rel=\"canonical\" href=\"https:\/\/partygo.waw.pl\/index.php\/product\/brama-balonowa\/\" \/>\n<meta property=\"og:locale\" content=\"pl_PL\" \/>\n<meta property=\"og:type\" content=\"article\" \/>\n<meta property=\"og:title\" content=\"Brama balonowa - PartyGo\" \/>\n<meta property=\"og:description\" content=\"Efektowna brama balonowa to doskona\u0142a dekoracja na urodziny, otwarcie sklepu, lokalu lub innej plac\u00f3wki. Spiralny uk\u0142ad balon\u00f3w tworzy eleganck\u0105 i przyci\u0105gaj\u0105c\u0105 uwag\u0119 form\u0119, kt\u00f3ra podkre\u015bla wyj\u0105tkowy charakter wydarzenia i zach\u0119ca go\u015bci do wej\u015bcia.\" \/>\n<meta property=\"og:url\" content=\"https:\/\/partygo.waw.pl\/index.php\/product\/brama-balonowa\/\" \/>\n<meta property=\"og:site_name\" content=\"PartyGo\" \/>\n<meta property=\"article:publisher\" content=\"https:\/\/www.facebook.com\/people\/Party-Go-Warszawa\/\" \/>\n<meta property=\"article:modified_time\" content=\"2026-03-16T13:31:06+00:00\" \/>\n<meta property=\"og:image\" content=\"https:\/\/partygo.waw.pl\/wp-content\/uploads\/2026\/03\/IMG-20241214-WA0001-1.jpg\" \/>\n\t<meta property=\"og:image:width\" content=\"1500\" \/>\n\t<meta property=\"og:image:height\" content=\"2000\" \/>\n\t<meta property=\"og:image:type\" content=\"image\/jpeg\" \/>\n<meta name=\"twitter:card\" content=\"summary_large_image\" \/>\n<meta name=\"twitter:label1\" content=\"Szacowany czas czytania\" \/>\n\t<meta name=\"twitter:data1\" content=\"2 minuty\" \/>\n<script type=\"application\/ld+json\" class=\"yoast-schema-graph\">{\"@context\":\"https:\\\/\\\/schema.org\",\"@graph\":[{\"@type\":\"WebPage\",\"@id\":\"https:\\\/\\\/partygo.waw.pl\\\/index.php\\\/product\\\/brama-balonowa\\\/\",\"url\":\"https:\\\/\\\/partygo.waw.pl\\\/index.php\\\/product\\\/brama-balonowa\\\/\",\"name\":\"Brama balonowa - PartyGo\",\"isPartOf\":{\"@id\":\"https:\\\/\\\/partygo.waw.pl\\\/#website\"},\"primaryImageOfPage\":{\"@id\":\"https:\\\/\\\/partygo.waw.pl\\\/index.php\\\/product\\\/brama-balonowa\\\/#primaryimage\"},\"image\":{\"@id\":\"https:\\\/\\\/partygo.waw.pl\\\/index.php\\\/product\\\/brama-balonowa\\\/#primaryimage\"},\"thumbnailUrl\":\"https:\\\/\\\/partygo.waw.pl\\\/wp-content\\\/uploads\\\/2026\\\/03\\\/IMG-20241214-WA0001-1.jpg\",\"datePublished\":\"2026-03-16T13:26:33+00:00\",\"dateModified\":\"2026-03-16T13:31:06+00:00\",\"description\":\"Efektowna brama balonowa to doskona\u0142a dekoracja na urodziny, otwarcie sklepu, lokalu lub innej plac\u00f3wki. Spiralny uk\u0142ad balon\u00f3w tworzy eleganck\u0105 i przyci\u0105gaj\u0105c\u0105 uwag\u0119 form\u0119, kt\u00f3ra podkre\u015bla wyj\u0105tkowy charakter wydarzenia i zach\u0119ca go\u015bci do wej\u015bcia.\",\"breadcrumb\":{\"@id\":\"https:\\\/\\\/partygo.waw.pl\\\/index.php\\\/product\\\/brama-balonowa\\\/#breadcrumb\"},\"inLanguage\":\"pl-PL\",\"potentialAction\":[{\"@type\":\"ReadAction\",\"target\":[\"https:\\\/\\\/partygo.waw.pl\\\/index.php\\\/product\\\/brama-balonowa\\\/\"]}]},{\"@type\":\"ImageObject\",\"inLanguage\":\"pl-PL\",\"@id\":\"https:\\\/\\\/partygo.waw.pl\\\/index.php\\\/product\\\/brama-balonowa\\\/#primaryimage\",\"url\":\"https:\\\/\\\/partygo.waw.pl\\\/wp-content\\\/uploads\\\/2026\\\/03\\\/IMG-20241214-WA0001-1.jpg\",\"contentUrl\":\"https:\\\/\\\/partygo.waw.pl\\\/wp-content\\\/uploads\\\/2026\\\/03\\\/IMG-20241214-WA0001-1.jpg\",\"width\":1500,\"height\":2000},{\"@type\":\"BreadcrumbList\",\"@id\":\"https:\\\/\\\/partygo.waw.pl\\\/index.php\\\/product\\\/brama-balonowa\\\/#breadcrumb\",\"itemListElement\":[{\"@type\":\"ListItem\",\"position\":1,\"name\":\"Strona g\u0142\u00f3wna\",\"item\":\"https:\\\/\\\/partygo.waw.pl\\\/\"},{\"@type\":\"ListItem\",\"position\":2,\"name\":\"Galeria&#038;Sklep\",\"item\":\"https:\\\/\\\/partygo.waw.pl\\\/index.php\\\/sklep\\\/\"},{\"@type\":\"ListItem\",\"position\":3,\"name\":\"Brama balonowa\"}]},{\"@type\":\"WebSite\",\"@id\":\"https:\\\/\\\/partygo.waw.pl\\\/#website\",\"url\":\"https:\\\/\\\/partygo.waw.pl\\\/\",\"name\":\"PartyGo\",\"description\":\"Balony i dekoracje Warszawa Legionowo\",\"publisher\":{\"@id\":\"https:\\\/\\\/partygo.waw.pl\\\/#organization\"},\"potentialAction\":[{\"@type\":\"SearchAction\",\"target\":{\"@type\":\"EntryPoint\",\"urlTemplate\":\"https:\\\/\\\/partygo.waw.pl\\\/?s={search_term_string}\"},\"query-input\":{\"@type\":\"PropertyValueSpecification\",\"valueRequired\":true,\"valueName\":\"search_term_string\"}}],\"inLanguage\":\"pl-PL\"},{\"@type\":\"Organization\",\"@id\":\"https:\\\/\\\/partygo.waw.pl\\\/#organization\",\"name\":\"PartyGo\",\"url\":\"https:\\\/\\\/partygo.waw.pl\\\/\",\"logo\":{\"@type\":\"ImageObject\",\"inLanguage\":\"pl-PL\",\"@id\":\"https:\\\/\\\/partygo.waw.pl\\\/#\\\/schema\\\/logo\\\/image\\\/\",\"url\":\"https:\\\/\\\/partygo.waw.pl\\\/wp-content\\\/uploads\\\/2022\\\/10\\\/logo_party-2.jpg\",\"contentUrl\":\"https:\\\/\\\/partygo.waw.pl\\\/wp-content\\\/uploads\\\/2022\\\/10\\\/logo_party-2.jpg\",\"width\":300,\"height\":300,\"caption\":\"PartyGo\"},\"image\":{\"@id\":\"https:\\\/\\\/partygo.waw.pl\\\/#\\\/schema\\\/logo\\\/image\\\/\"},\"sameAs\":[\"https:\\\/\\\/www.facebook.com\\\/people\\\/Party-Go-Warszawa\\\/\"]}]}<\/script>\n<!-- \/ Yoast SEO plugin. -->","yoast_head_json":{"title":"Brama balonowa - PartyGo","description":"Efektowna brama balonowa to doskona\u0142a dekoracja na urodziny, otwarcie sklepu, lokalu lub innej plac\u00f3wki. Spiralny uk\u0142ad balon\u00f3w tworzy eleganck\u0105 i przyci\u0105gaj\u0105c\u0105 uwag\u0119 form\u0119, kt\u00f3ra podkre\u015bla wyj\u0105tkowy charakter wydarzenia i zach\u0119ca go\u015bci do wej\u015bcia.","robots":{"index":"index","follow":"follow","max-snippet":"max-snippet:-1","max-image-preview":"max-image-preview:large","max-video-preview":"max-video-preview:-1"},"canonical":"https:\/\/partygo.waw.pl\/index.php\/product\/brama-balonowa\/","og_locale":"pl_PL","og_type":"article","og_title":"Brama balonowa - PartyGo","og_description":"Efektowna brama balonowa to doskona\u0142a dekoracja na urodziny, otwarcie sklepu, lokalu lub innej plac\u00f3wki. Spiralny uk\u0142ad balon\u00f3w tworzy eleganck\u0105 i przyci\u0105gaj\u0105c\u0105 uwag\u0119 form\u0119, kt\u00f3ra podkre\u015bla wyj\u0105tkowy charakter wydarzenia i zach\u0119ca go\u015bci do wej\u015bcia.","og_url":"https:\/\/partygo.waw.pl\/index.php\/product\/brama-balonowa\/","og_site_name":"PartyGo","article_publisher":"https:\/\/www.facebook.com\/people\/Party-Go-Warszawa\/","article_modified_time":"2026-03-16T13:31:06+00:00","og_image":[{"width":1500,"height":2000,"url":"https:\/\/partygo.waw.pl\/wp-content\/uploads\/2026\/03\/IMG-20241214-WA0001-1.jpg","type":"image\/jpeg"}],"twitter_card":"summary_large_image","twitter_misc":{"Szacowany czas czytania":"2 minuty"},"schema":{"@context":"https:\/\/schema.org","@graph":[{"@type":"WebPage","@id":"https:\/\/partygo.waw.pl\/index.php\/product\/brama-balonowa\/","url":"https:\/\/partygo.waw.pl\/index.php\/product\/brama-balonowa\/","name":"Brama balonowa - PartyGo","isPartOf":{"@id":"https:\/\/partygo.waw.pl\/#website"},"primaryImageOfPage":{"@id":"https:\/\/partygo.waw.pl\/index.php\/product\/brama-balonowa\/#primaryimage"},"image":{"@id":"https:\/\/partygo.waw.pl\/index.php\/product\/brama-balonowa\/#primaryimage"},"thumbnailUrl":"https:\/\/partygo.waw.pl\/wp-content\/uploads\/2026\/03\/IMG-20241214-WA0001-1.jpg","datePublished":"2026-03-16T13:26:33+00:00","dateModified":"2026-03-16T13:31:06+00:00","description":"Efektowna brama balonowa to doskona\u0142a dekoracja na urodziny, otwarcie sklepu, lokalu lub innej plac\u00f3wki. Spiralny uk\u0142ad balon\u00f3w tworzy eleganck\u0105 i przyci\u0105gaj\u0105c\u0105 uwag\u0119 form\u0119, kt\u00f3ra podkre\u015bla wyj\u0105tkowy charakter wydarzenia i zach\u0119ca go\u015bci do wej\u015bcia.","breadcrumb":{"@id":"https:\/\/partygo.waw.pl\/index.php\/product\/brama-balonowa\/#breadcrumb"},"inLanguage":"pl-PL","potentialAction":[{"@type":"ReadAction","target":["https:\/\/partygo.waw.pl\/index.php\/product\/brama-balonowa\/"]}]},{"@type":"ImageObject","inLanguage":"pl-PL","@id":"https:\/\/partygo.waw.pl\/index.php\/product\/brama-balonowa\/#primaryimage","url":"https:\/\/partygo.waw.pl\/wp-content\/uploads\/2026\/03\/IMG-20241214-WA0001-1.jpg","contentUrl":"https:\/\/partygo.waw.pl\/wp-content\/uploads\/2026\/03\/IMG-20241214-WA0001-1.jpg","width":1500,"height":2000},{"@type":"BreadcrumbList","@id":"https:\/\/partygo.waw.pl\/index.php\/product\/brama-balonowa\/#breadcrumb","itemListElement":[{"@type":"ListItem","position":1,"name":"Strona g\u0142\u00f3wna","item":"https:\/\/partygo.waw.pl\/"},{"@type":"ListItem","position":2,"name":"Galeria&#038;Sklep","item":"https:\/\/partygo.waw.pl\/index.php\/sklep\/"},{"@type":"ListItem","position":3,"name":"Brama balonowa"}]},{"@type":"WebSite","@id":"https:\/\/partygo.waw.pl\/#website","url":"https:\/\/partygo.waw.pl\/","name":"PartyGo","description":"Balony i dekoracje Warszawa Legionowo","publisher":{"@id":"https:\/\/partygo.waw.pl\/#organization"},"potentialAction":[{"@type":"SearchAction","target":{"@type":"EntryPoint","urlTemplate":"https:\/\/partygo.waw.pl\/?s={search_term_string}"},"query-input":{"@type":"PropertyValueSpecification","valueRequired":true,"valueName":"search_term_string"}}],"inLanguage":"pl-PL"},{"@type":"Organization","@id":"https:\/\/partygo.waw.pl\/#organization","name":"PartyGo","url":"https:\/\/partygo.waw.pl\/","logo":{"@type":"ImageObject","inLanguage":"pl-PL","@id":"https:\/\/partygo.waw.pl\/#\/schema\/logo\/image\/","url":"https:\/\/partygo.waw.pl\/wp-content\/uploads\/2022\/10\/logo_party-2.jpg","contentUrl":"https:\/\/partygo.waw.pl\/wp-content\/uploads\/2022\/10\/logo_party-2.jpg","width":300,"height":300,"caption":"PartyGo"},"image":{"@id":"https:\/\/partygo.waw.pl\/#\/schema\/logo\/image\/"},"sameAs":["https:\/\/www.facebook.com\/people\/Party-Go-Warszawa\/"]}]}},"_links":{"self":[{"href":"https:\/\/partygo.waw.pl\/index.php\/wp-json\/wp\/v2\/product\/1588","targetHints":{"allow":["GET"]}}],"collection":[{"href":"https:\/\/partygo.waw.pl\/index.php\/wp-json\/wp\/v2\/product"}],"about":[{"href":"https:\/\/partygo.waw.pl\/index.php\/wp-json\/wp\/v2\/types\/product"}],"replies":[{"embeddable":true,"href":"https:\/\/partygo.waw.pl\/index.php\/wp-json\/wp\/v2\/comments?post=1588"}],"wp:featuredmedia":[{"embeddable":true,"href":"https:\/\/partygo.waw.pl\/index.php\/wp-json\/wp\/v2\/media\/1558"}],"wp:attachment":[{"href":"https:\/\/partygo.waw.pl\/index.php\/wp-json\/wp\/v2\/media?parent=1588"}],"wp:term":[{"taxonomy":"product_brand","embeddable":true,"href":"https:\/\/partygo.waw.pl\/index.php\/wp-json\/wp\/v2\/product_brand?post=1588"},{"taxonomy":"product_cat","embeddable":true,"href":"https:\/\/partygo.waw.pl\/index.php\/wp-json\/wp\/v2\/product_cat?post=1588"},{"taxonomy":"product_tag","embeddable":true,"href":"https:\/\/partygo.waw.pl\/index.php\/wp-json\/wp\/v2\/product_tag?post=1588"}],"curies":[{"name":"wp","href":"https:\/\/api.w.org\/{rel}","templated":true}]}}