{"id":1626,"date":"2026-03-30T11:04:02","date_gmt":"2026-03-30T09:04:02","guid":{"rendered":"https:\/\/partygo.waw.pl\/?post_type=product&#038;p=1626"},"modified":"2026-03-30T11:04:02","modified_gmt":"2026-03-30T09:04:02","slug":"bukiet-balonowy-z-helem-spelnienia-marzen-monster-truck","status":"publish","type":"product","link":"https:\/\/partygo.waw.pl\/index.php\/product\/bukiet-balonowy-z-helem-spelnienia-marzen-monster-truck\/","title":{"rendered":"Bukiet balonowy z helem \u201eSpe\u0142nienia Marze\u0144 \u2013 Monster Truck\u201d"},"content":{"rendered":"<h2 data-start=\"0\" data-end=\"61\"><strong data-start=\"0\" data-end=\"55\">Bukiet balonowy \u201eSpe\u0142nienia Marze\u0144 \u2013 Monster Truck\u201d<\/strong> \ud83d\ude97\u2728<\/h2>\n<p data-start=\"63\" data-end=\"247\">Dynamiczny i efektowny bukiet balonowy z helem \u2013 idealny na urodziny dla mi\u0142o\u015bnika motoryzacji. \u015awietnie sprawdzi si\u0119 jako dekoracja lub oryginalny dodatek do prezentu-niespodzianki.<\/p>\n<h3 data-start=\"249\" data-end=\"478\"><strong data-start=\"249\" data-end=\"277\">W sk\u0142ad zestawu wchodzi:<\/strong><\/h3>\n<p data-start=\"249\" data-end=\"478\">\u2022 Balon foliowy gwiazda w kolorze srebrnym ze spersonalizowanym nadrukiem<br data-start=\"353\" data-end=\"356\" \/>\u2022 Balon foliowy w kszta\u0142cie monster trucka<br data-start=\"398\" data-end=\"401\" \/>\u2022 6 balon\u00f3w lateksowych w kolorach b\u0142\u0119kitnym i czarnym<br data-start=\"455\" data-end=\"458\" \/>\u2022 Pompowanie helem<\/p>\n<p data-start=\"480\" data-end=\"722\">Ca\u0142o\u015b\u0107 tworzy sp\u00f3jny, \u201emocny\u201d bukiet \u2013 kontrast kolor\u00f3w i motyw auta nadaj\u0105 mu charakteru i przyci\u0105gaj\u0105 uwag\u0119. Balony unosz\u0105 si\u0119 na r\u00f3\u017cnych wysoko\u015bciach, dzi\u0119ki czemu kompozycja wygl\u0105da lekko, ale jednocze\u015bnie robi konkretny efekt wizualny.<\/p>\n<p data-start=\"724\" data-end=\"800\" data-is-last-node=\"\" data-is-only-node=\"\">Idealny wyb\u00f3r dla ka\u017cdego fana czterech k\u00f3\u0142ek \u2013 prosto, stylowo i z energi\u0105.<\/p>\n","protected":false},"excerpt":{"rendered":"<p>Bukiet balonowy \u201eSpe\u0142nienia Marze\u0144 \u2013 Monster Truck\u201d \ud83d\ude97\u2728 Dynamiczny i efektowny bukiet balonowy z helem \u2013 idealny na urodziny dla mi\u0142o\u015bnika motoryzacji. \u015awietnie sprawdzi si\u0119 jako dekoracja lub oryginalny dodatek do prezentu-niespodzianki. W sk\u0142ad zestawu wchodzi: \u2022 Balon foliowy gwiazda w kolorze srebrnym ze spersonalizowanym nadrukiem\u2022 Balon foliowy w kszta\u0142cie monster trucka\u2022 6 balon\u00f3w lateksowych&hellip;&nbsp;<a href=\"https:\/\/partygo.waw.pl\/index.php\/product\/bukiet-balonowy-z-helem-spelnienia-marzen-monster-truck\/\" class=\"\" rel=\"bookmark\">Czytaj dalej &raquo;<span class=\"screen-reader-text\">Bukiet balonowy z helem \u201eSpe\u0142nienia Marze\u0144 \u2013 Monster Truck\u201d<\/span><\/a><\/p>\n","protected":false},"featured_media":1097,"comment_status":"open","ping_status":"closed","template":"","meta":{"neve_meta_sidebar":"","neve_meta_container":"","neve_meta_enable_content_width":"off","neve_meta_content_width":100,"neve_meta_title_alignment":"","neve_meta_author_avatar":"","neve_post_elements_order":"","neve_meta_disable_header":"","neve_meta_disable_footer":"","neve_meta_disable_title":"","_vp_format_video_url":"","_vp_image_focal_point":[]},"product_brand":[],"product_cat":[45,40],"product_tag":[],"class_list":{"0":"post-1626","1":"product","2":"type-product","3":"status-publish","4":"has-post-thumbnail","6":"product_cat-bukiety-urodzinowe","7":"product_cat-misc","9":"first","10":"onbackorder","11":"shipping-taxable","12":"product-type-simple"},"yoast_head":"<!-- This site is optimized with the Yoast SEO plugin v27.3 - https:\/\/yoast.com\/product\/yoast-seo-wordpress\/ -->\n<title>Bukiet balonowy z helem \u201eSpe\u0142nienia Marze\u0144 \u2013 Monster Truck\u201d - PartyGo<\/title>\n<meta name=\"description\" content=\"Dynamiczny i efektowny bukiet balonowy z helem \u2013 idealny na urodziny dla mi\u0142o\u015bnika motoryzacji. \u015awietnie sprawdzi si\u0119 jako dekoracja lub oryginalny dodatek do prezentu-niespodzianki.\" \/>\n<meta name=\"robots\" content=\"index, follow, max-snippet:-1, max-image-preview:large, max-video-preview:-1\" \/>\n<link rel=\"canonical\" href=\"https:\/\/partygo.waw.pl\/index.php\/product\/bukiet-balonowy-z-helem-spelnienia-marzen-monster-truck\/\" \/>\n<meta property=\"og:locale\" content=\"pl_PL\" \/>\n<meta property=\"og:type\" content=\"article\" \/>\n<meta property=\"og:title\" content=\"Bukiet balonowy z helem \u201eSpe\u0142nienia Marze\u0144 \u2013 Monster Truck\u201d - PartyGo\" \/>\n<meta property=\"og:description\" content=\"Dynamiczny i efektowny bukiet balonowy z helem \u2013 idealny na urodziny dla mi\u0142o\u015bnika motoryzacji. \u015awietnie sprawdzi si\u0119 jako dekoracja lub oryginalny dodatek do prezentu-niespodzianki.\" \/>\n<meta property=\"og:url\" content=\"https:\/\/partygo.waw.pl\/index.php\/product\/bukiet-balonowy-z-helem-spelnienia-marzen-monster-truck\/\" \/>\n<meta property=\"og:site_name\" content=\"PartyGo\" \/>\n<meta property=\"article:publisher\" content=\"https:\/\/www.facebook.com\/people\/Party-Go-Warszawa\/\" \/>\n<meta property=\"og:image\" content=\"https:\/\/partygo.waw.pl\/wp-content\/uploads\/2023\/07\/IMG-20230315-WA0000.jpg\" \/>\n\t<meta property=\"og:image:width\" content=\"1536\" \/>\n\t<meta property=\"og:image:height\" content=\"2048\" \/>\n\t<meta property=\"og:image:type\" content=\"image\/jpeg\" \/>\n<meta name=\"twitter:card\" content=\"summary_large_image\" \/>\n<meta name=\"twitter:label1\" content=\"Szacowany czas czytania\" \/>\n\t<meta name=\"twitter:data1\" content=\"1 minuta\" \/>\n<script type=\"application\/ld+json\" class=\"yoast-schema-graph\">{\"@context\":\"https:\\\/\\\/schema.org\",\"@graph\":[{\"@type\":\"WebPage\",\"@id\":\"https:\\\/\\\/partygo.waw.pl\\\/index.php\\\/product\\\/bukiet-balonowy-z-helem-spelnienia-marzen-monster-truck\\\/\",\"url\":\"https:\\\/\\\/partygo.waw.pl\\\/index.php\\\/product\\\/bukiet-balonowy-z-helem-spelnienia-marzen-monster-truck\\\/\",\"name\":\"Bukiet balonowy z helem \u201eSpe\u0142nienia Marze\u0144 \u2013 Monster Truck\u201d - PartyGo\",\"isPartOf\":{\"@id\":\"https:\\\/\\\/partygo.waw.pl\\\/#website\"},\"primaryImageOfPage\":{\"@id\":\"https:\\\/\\\/partygo.waw.pl\\\/index.php\\\/product\\\/bukiet-balonowy-z-helem-spelnienia-marzen-monster-truck\\\/#primaryimage\"},\"image\":{\"@id\":\"https:\\\/\\\/partygo.waw.pl\\\/index.php\\\/product\\\/bukiet-balonowy-z-helem-spelnienia-marzen-monster-truck\\\/#primaryimage\"},\"thumbnailUrl\":\"https:\\\/\\\/partygo.waw.pl\\\/wp-content\\\/uploads\\\/2023\\\/07\\\/IMG-20230315-WA0000.jpg\",\"datePublished\":\"2026-03-30T09:04:02+00:00\",\"description\":\"Dynamiczny i efektowny bukiet balonowy z helem \u2013 idealny na urodziny dla mi\u0142o\u015bnika motoryzacji. \u015awietnie sprawdzi si\u0119 jako dekoracja lub oryginalny dodatek do prezentu-niespodzianki.\",\"breadcrumb\":{\"@id\":\"https:\\\/\\\/partygo.waw.pl\\\/index.php\\\/product\\\/bukiet-balonowy-z-helem-spelnienia-marzen-monster-truck\\\/#breadcrumb\"},\"inLanguage\":\"pl-PL\",\"potentialAction\":[{\"@type\":\"ReadAction\",\"target\":[\"https:\\\/\\\/partygo.waw.pl\\\/index.php\\\/product\\\/bukiet-balonowy-z-helem-spelnienia-marzen-monster-truck\\\/\"]}]},{\"@type\":\"ImageObject\",\"inLanguage\":\"pl-PL\",\"@id\":\"https:\\\/\\\/partygo.waw.pl\\\/index.php\\\/product\\\/bukiet-balonowy-z-helem-spelnienia-marzen-monster-truck\\\/#primaryimage\",\"url\":\"https:\\\/\\\/partygo.waw.pl\\\/wp-content\\\/uploads\\\/2023\\\/07\\\/IMG-20230315-WA0000.jpg\",\"contentUrl\":\"https:\\\/\\\/partygo.waw.pl\\\/wp-content\\\/uploads\\\/2023\\\/07\\\/IMG-20230315-WA0000.jpg\",\"width\":1536,\"height\":2048},{\"@type\":\"BreadcrumbList\",\"@id\":\"https:\\\/\\\/partygo.waw.pl\\\/index.php\\\/product\\\/bukiet-balonowy-z-helem-spelnienia-marzen-monster-truck\\\/#breadcrumb\",\"itemListElement\":[{\"@type\":\"ListItem\",\"position\":1,\"name\":\"Strona g\u0142\u00f3wna\",\"item\":\"https:\\\/\\\/partygo.waw.pl\\\/\"},{\"@type\":\"ListItem\",\"position\":2,\"name\":\"Galeria&#038;Sklep\",\"item\":\"https:\\\/\\\/partygo.waw.pl\\\/index.php\\\/sklep\\\/\"},{\"@type\":\"ListItem\",\"position\":3,\"name\":\"Bukiet balonowy z helem \u201eSpe\u0142nienia Marze\u0144 \u2013 Monster Truck\u201d\"}]},{\"@type\":\"WebSite\",\"@id\":\"https:\\\/\\\/partygo.waw.pl\\\/#website\",\"url\":\"https:\\\/\\\/partygo.waw.pl\\\/\",\"name\":\"PartyGo\",\"description\":\"Balony i dekoracje Warszawa Legionowo\",\"publisher\":{\"@id\":\"https:\\\/\\\/partygo.waw.pl\\\/#organization\"},\"potentialAction\":[{\"@type\":\"SearchAction\",\"target\":{\"@type\":\"EntryPoint\",\"urlTemplate\":\"https:\\\/\\\/partygo.waw.pl\\\/?s={search_term_string}\"},\"query-input\":{\"@type\":\"PropertyValueSpecification\",\"valueRequired\":true,\"valueName\":\"search_term_string\"}}],\"inLanguage\":\"pl-PL\"},{\"@type\":\"Organization\",\"@id\":\"https:\\\/\\\/partygo.waw.pl\\\/#organization\",\"name\":\"PartyGo\",\"url\":\"https:\\\/\\\/partygo.waw.pl\\\/\",\"logo\":{\"@type\":\"ImageObject\",\"inLanguage\":\"pl-PL\",\"@id\":\"https:\\\/\\\/partygo.waw.pl\\\/#\\\/schema\\\/logo\\\/image\\\/\",\"url\":\"https:\\\/\\\/partygo.waw.pl\\\/wp-content\\\/uploads\\\/2022\\\/10\\\/logo_party-2.jpg\",\"contentUrl\":\"https:\\\/\\\/partygo.waw.pl\\\/wp-content\\\/uploads\\\/2022\\\/10\\\/logo_party-2.jpg\",\"width\":300,\"height\":300,\"caption\":\"PartyGo\"},\"image\":{\"@id\":\"https:\\\/\\\/partygo.waw.pl\\\/#\\\/schema\\\/logo\\\/image\\\/\"},\"sameAs\":[\"https:\\\/\\\/www.facebook.com\\\/people\\\/Party-Go-Warszawa\\\/\"]}]}<\/script>\n<!-- \/ Yoast SEO plugin. -->","yoast_head_json":{"title":"Bukiet balonowy z helem \u201eSpe\u0142nienia Marze\u0144 \u2013 Monster Truck\u201d - PartyGo","description":"Dynamiczny i efektowny bukiet balonowy z helem \u2013 idealny na urodziny dla mi\u0142o\u015bnika motoryzacji. \u015awietnie sprawdzi si\u0119 jako dekoracja lub oryginalny dodatek do prezentu-niespodzianki.","robots":{"index":"index","follow":"follow","max-snippet":"max-snippet:-1","max-image-preview":"max-image-preview:large","max-video-preview":"max-video-preview:-1"},"canonical":"https:\/\/partygo.waw.pl\/index.php\/product\/bukiet-balonowy-z-helem-spelnienia-marzen-monster-truck\/","og_locale":"pl_PL","og_type":"article","og_title":"Bukiet balonowy z helem \u201eSpe\u0142nienia Marze\u0144 \u2013 Monster Truck\u201d - PartyGo","og_description":"Dynamiczny i efektowny bukiet balonowy z helem \u2013 idealny na urodziny dla mi\u0142o\u015bnika motoryzacji. \u015awietnie sprawdzi si\u0119 jako dekoracja lub oryginalny dodatek do prezentu-niespodzianki.","og_url":"https:\/\/partygo.waw.pl\/index.php\/product\/bukiet-balonowy-z-helem-spelnienia-marzen-monster-truck\/","og_site_name":"PartyGo","article_publisher":"https:\/\/www.facebook.com\/people\/Party-Go-Warszawa\/","og_image":[{"width":1536,"height":2048,"url":"https:\/\/partygo.waw.pl\/wp-content\/uploads\/2023\/07\/IMG-20230315-WA0000.jpg","type":"image\/jpeg"}],"twitter_card":"summary_large_image","twitter_misc":{"Szacowany czas czytania":"1 minuta"},"schema":{"@context":"https:\/\/schema.org","@graph":[{"@type":"WebPage","@id":"https:\/\/partygo.waw.pl\/index.php\/product\/bukiet-balonowy-z-helem-spelnienia-marzen-monster-truck\/","url":"https:\/\/partygo.waw.pl\/index.php\/product\/bukiet-balonowy-z-helem-spelnienia-marzen-monster-truck\/","name":"Bukiet balonowy z helem \u201eSpe\u0142nienia Marze\u0144 \u2013 Monster Truck\u201d - PartyGo","isPartOf":{"@id":"https:\/\/partygo.waw.pl\/#website"},"primaryImageOfPage":{"@id":"https:\/\/partygo.waw.pl\/index.php\/product\/bukiet-balonowy-z-helem-spelnienia-marzen-monster-truck\/#primaryimage"},"image":{"@id":"https:\/\/partygo.waw.pl\/index.php\/product\/bukiet-balonowy-z-helem-spelnienia-marzen-monster-truck\/#primaryimage"},"thumbnailUrl":"https:\/\/partygo.waw.pl\/wp-content\/uploads\/2023\/07\/IMG-20230315-WA0000.jpg","datePublished":"2026-03-30T09:04:02+00:00","description":"Dynamiczny i efektowny bukiet balonowy z helem \u2013 idealny na urodziny dla mi\u0142o\u015bnika motoryzacji. \u015awietnie sprawdzi si\u0119 jako dekoracja lub oryginalny dodatek do prezentu-niespodzianki.","breadcrumb":{"@id":"https:\/\/partygo.waw.pl\/index.php\/product\/bukiet-balonowy-z-helem-spelnienia-marzen-monster-truck\/#breadcrumb"},"inLanguage":"pl-PL","potentialAction":[{"@type":"ReadAction","target":["https:\/\/partygo.waw.pl\/index.php\/product\/bukiet-balonowy-z-helem-spelnienia-marzen-monster-truck\/"]}]},{"@type":"ImageObject","inLanguage":"pl-PL","@id":"https:\/\/partygo.waw.pl\/index.php\/product\/bukiet-balonowy-z-helem-spelnienia-marzen-monster-truck\/#primaryimage","url":"https:\/\/partygo.waw.pl\/wp-content\/uploads\/2023\/07\/IMG-20230315-WA0000.jpg","contentUrl":"https:\/\/partygo.waw.pl\/wp-content\/uploads\/2023\/07\/IMG-20230315-WA0000.jpg","width":1536,"height":2048},{"@type":"BreadcrumbList","@id":"https:\/\/partygo.waw.pl\/index.php\/product\/bukiet-balonowy-z-helem-spelnienia-marzen-monster-truck\/#breadcrumb","itemListElement":[{"@type":"ListItem","position":1,"name":"Strona g\u0142\u00f3wna","item":"https:\/\/partygo.waw.pl\/"},{"@type":"ListItem","position":2,"name":"Galeria&#038;Sklep","item":"https:\/\/partygo.waw.pl\/index.php\/sklep\/"},{"@type":"ListItem","position":3,"name":"Bukiet balonowy z helem \u201eSpe\u0142nienia Marze\u0144 \u2013 Monster Truck\u201d"}]},{"@type":"WebSite","@id":"https:\/\/partygo.waw.pl\/#website","url":"https:\/\/partygo.waw.pl\/","name":"PartyGo","description":"Balony i dekoracje Warszawa Legionowo","publisher":{"@id":"https:\/\/partygo.waw.pl\/#organization"},"potentialAction":[{"@type":"SearchAction","target":{"@type":"EntryPoint","urlTemplate":"https:\/\/partygo.waw.pl\/?s={search_term_string}"},"query-input":{"@type":"PropertyValueSpecification","valueRequired":true,"valueName":"search_term_string"}}],"inLanguage":"pl-PL"},{"@type":"Organization","@id":"https:\/\/partygo.waw.pl\/#organization","name":"PartyGo","url":"https:\/\/partygo.waw.pl\/","logo":{"@type":"ImageObject","inLanguage":"pl-PL","@id":"https:\/\/partygo.waw.pl\/#\/schema\/logo\/image\/","url":"https:\/\/partygo.waw.pl\/wp-content\/uploads\/2022\/10\/logo_party-2.jpg","contentUrl":"https:\/\/partygo.waw.pl\/wp-content\/uploads\/2022\/10\/logo_party-2.jpg","width":300,"height":300,"caption":"PartyGo"},"image":{"@id":"https:\/\/partygo.waw.pl\/#\/schema\/logo\/image\/"},"sameAs":["https:\/\/www.facebook.com\/people\/Party-Go-Warszawa\/"]}]}},"_links":{"self":[{"href":"https:\/\/partygo.waw.pl\/index.php\/wp-json\/wp\/v2\/product\/1626","targetHints":{"allow":["GET"]}}],"collection":[{"href":"https:\/\/partygo.waw.pl\/index.php\/wp-json\/wp\/v2\/product"}],"about":[{"href":"https:\/\/partygo.waw.pl\/index.php\/wp-json\/wp\/v2\/types\/product"}],"replies":[{"embeddable":true,"href":"https:\/\/partygo.waw.pl\/index.php\/wp-json\/wp\/v2\/comments?post=1626"}],"wp:featuredmedia":[{"embeddable":true,"href":"https:\/\/partygo.waw.pl\/index.php\/wp-json\/wp\/v2\/media\/1097"}],"wp:attachment":[{"href":"https:\/\/partygo.waw.pl\/index.php\/wp-json\/wp\/v2\/media?parent=1626"}],"wp:term":[{"taxonomy":"product_brand","embeddable":true,"href":"https:\/\/partygo.waw.pl\/index.php\/wp-json\/wp\/v2\/product_brand?post=1626"},{"taxonomy":"product_cat","embeddable":true,"href":"https:\/\/partygo.waw.pl\/index.php\/wp-json\/wp\/v2\/product_cat?post=1626"},{"taxonomy":"product_tag","embeddable":true,"href":"https:\/\/partygo.waw.pl\/index.php\/wp-json\/wp\/v2\/product_tag?post=1626"}],"curies":[{"name":"wp","href":"https:\/\/api.w.org\/{rel}","templated":true}]}}