{"id":1632,"date":"2026-03-30T11:43:10","date_gmt":"2026-03-30T09:43:10","guid":{"rendered":"https:\/\/partygo.waw.pl\/?post_type=product&#038;p=1632"},"modified":"2026-03-30T11:43:43","modified_gmt":"2026-03-30T09:43:43","slug":"balony-z-helem-z-okazji-slubu","status":"publish","type":"product","link":"https:\/\/partygo.waw.pl\/index.php\/product\/balony-z-helem-z-okazji-slubu\/","title":{"rendered":"Balony z helem z okazji \u015alubu"},"content":{"rendered":"<h2 data-start=\"0\" data-end=\"72\"><strong data-start=\"0\" data-end=\"64\">Bukiet balonowy \u201eMi\u0142o\u015b\u0107 w Powietrzu \u2013 Personalizowane Serca\u201d<\/strong><\/h2>\n<p data-start=\"74\" data-end=\"242\">Romantyczna kompozycja balonowa z helem na \u015blub \u2013 elegancka, lekka i pe\u0142na uroku. Idealna jako dekoracja sali, sto\u0142\u00f3w lub stylowy dodatek do prezentu dla Pary M\u0142odej.<\/p>\n<h3 data-start=\"244\" data-end=\"452\"><strong data-start=\"244\" data-end=\"272\">W sk\u0142ad zestawu wchodzi:<\/strong><\/h3>\n<p data-start=\"244\" data-end=\"452\">\u2022 9 bia\u0142ych balon\u00f3w foliowych w kszta\u0142cie serca ze spersonalizowanymi nadrukami (imiona Pary M\u0142odej)<br data-start=\"375\" data-end=\"378\" \/>\u2022 6 balon\u00f3w lateksowych w kolorze bia\u0142ym i bordowym<br data-start=\"429\" data-end=\"432\" \/>\u2022 Pompowanie helem<\/p>\n<p data-start=\"454\" data-end=\"682\">Ca\u0142o\u015b\u0107 tworzy efektowny bukiet pe\u0142en unosz\u0105cych si\u0119 serc \u2013 personalizowane nadruki nadaj\u0105 mu wyj\u0105tkowego, indywidualnego charakteru. Po\u0142\u0105czenie bieli i bordowego koloru dodaje elegancji i podkre\u015bla uroczysty klimat wydarzenia.<\/p>\n<p data-start=\"684\" data-end=\"790\" data-is-last-node=\"\" data-is-only-node=\"\">Dekoracja, kt\u00f3ra subtelnie buduje atmosfer\u0119 i \u015bwietnie prezentuje si\u0119 zar\u00f3wno na sali, jak i na zdj\u0119ciach.<\/p>\n","protected":false},"excerpt":{"rendered":"<p>Bukiet balonowy \u201eMi\u0142o\u015b\u0107 w Powietrzu \u2013 Personalizowane Serca\u201d Romantyczna kompozycja balonowa z helem na \u015blub \u2013 elegancka, lekka i pe\u0142na uroku. Idealna jako dekoracja sali, sto\u0142\u00f3w lub stylowy dodatek do prezentu dla Pary M\u0142odej. W sk\u0142ad zestawu wchodzi: \u2022 9 bia\u0142ych balon\u00f3w foliowych w kszta\u0142cie serca ze spersonalizowanymi nadrukami (imiona Pary M\u0142odej)\u2022 6 balon\u00f3w lateksowych&hellip;&nbsp;<a href=\"https:\/\/partygo.waw.pl\/index.php\/product\/balony-z-helem-z-okazji-slubu\/\" class=\"\" rel=\"bookmark\">Czytaj dalej &raquo;<span class=\"screen-reader-text\">Balony z helem z okazji \u015alubu<\/span><\/a><\/p>\n","protected":false},"featured_media":1629,"comment_status":"open","ping_status":"closed","template":"","meta":{"neve_meta_sidebar":"","neve_meta_container":"","neve_meta_enable_content_width":"off","neve_meta_content_width":100,"neve_meta_title_alignment":"","neve_meta_author_avatar":"","neve_post_elements_order":"","neve_meta_disable_header":"","neve_meta_disable_footer":"","neve_meta_disable_title":"","_vp_format_video_url":"","_vp_image_focal_point":[]},"product_brand":[],"product_cat":[40,50],"product_tag":[],"class_list":{"0":"post-1632","1":"product","2":"type-product","3":"status-publish","4":"has-post-thumbnail","6":"product_cat-misc","7":"product_cat-slub-i-rocznica-slubu","9":"first","10":"onbackorder","11":"shipping-taxable","12":"product-type-simple"},"yoast_head":"<!-- This site is optimized with the Yoast SEO plugin v27.3 - https:\/\/yoast.com\/product\/yoast-seo-wordpress\/ -->\n<title>Balony z helem z okazji \u015alubu - PartyGo<\/title>\n<meta name=\"description\" content=\"Romantyczna kompozycja balonowa z helem na \u015blub \u2013 elegancka, lekka i pe\u0142na uroku. Idealna jako dekoracja sali, sto\u0142\u00f3w lub stylowy dodatek do prezentu dla Pary M\u0142odej.\" \/>\n<meta name=\"robots\" content=\"index, follow, max-snippet:-1, max-image-preview:large, max-video-preview:-1\" \/>\n<link rel=\"canonical\" href=\"https:\/\/partygo.waw.pl\/index.php\/product\/balony-z-helem-z-okazji-slubu\/\" \/>\n<meta property=\"og:locale\" content=\"pl_PL\" \/>\n<meta property=\"og:type\" content=\"article\" \/>\n<meta property=\"og:title\" content=\"Balony z helem z okazji \u015alubu - PartyGo\" \/>\n<meta property=\"og:description\" content=\"Romantyczna kompozycja balonowa z helem na \u015blub \u2013 elegancka, lekka i pe\u0142na uroku. Idealna jako dekoracja sali, sto\u0142\u00f3w lub stylowy dodatek do prezentu dla Pary M\u0142odej.\" \/>\n<meta property=\"og:url\" content=\"https:\/\/partygo.waw.pl\/index.php\/product\/balony-z-helem-z-okazji-slubu\/\" \/>\n<meta property=\"og:site_name\" content=\"PartyGo\" \/>\n<meta property=\"article:publisher\" content=\"https:\/\/www.facebook.com\/people\/Party-Go-Warszawa\/\" \/>\n<meta property=\"article:modified_time\" content=\"2026-03-30T09:43:43+00:00\" \/>\n<meta property=\"og:image\" content=\"https:\/\/partygo.waw.pl\/wp-content\/uploads\/2026\/03\/1000015448.jpg\" \/>\n\t<meta property=\"og:image:width\" content=\"1025\" \/>\n\t<meta property=\"og:image:height\" content=\"1344\" \/>\n\t<meta property=\"og:image:type\" content=\"image\/jpeg\" \/>\n<meta name=\"twitter:card\" content=\"summary_large_image\" \/>\n<meta name=\"twitter:label1\" content=\"Szacowany czas czytania\" \/>\n\t<meta name=\"twitter:data1\" content=\"1 minuta\" \/>\n<script type=\"application\/ld+json\" class=\"yoast-schema-graph\">{\"@context\":\"https:\\\/\\\/schema.org\",\"@graph\":[{\"@type\":\"WebPage\",\"@id\":\"https:\\\/\\\/partygo.waw.pl\\\/index.php\\\/product\\\/balony-z-helem-z-okazji-slubu\\\/\",\"url\":\"https:\\\/\\\/partygo.waw.pl\\\/index.php\\\/product\\\/balony-z-helem-z-okazji-slubu\\\/\",\"name\":\"Balony z helem z okazji \u015alubu - PartyGo\",\"isPartOf\":{\"@id\":\"https:\\\/\\\/partygo.waw.pl\\\/#website\"},\"primaryImageOfPage\":{\"@id\":\"https:\\\/\\\/partygo.waw.pl\\\/index.php\\\/product\\\/balony-z-helem-z-okazji-slubu\\\/#primaryimage\"},\"image\":{\"@id\":\"https:\\\/\\\/partygo.waw.pl\\\/index.php\\\/product\\\/balony-z-helem-z-okazji-slubu\\\/#primaryimage\"},\"thumbnailUrl\":\"https:\\\/\\\/partygo.waw.pl\\\/wp-content\\\/uploads\\\/2026\\\/03\\\/1000015448.jpg\",\"datePublished\":\"2026-03-30T09:43:10+00:00\",\"dateModified\":\"2026-03-30T09:43:43+00:00\",\"description\":\"Romantyczna kompozycja balonowa z helem na \u015blub \u2013 elegancka, lekka i pe\u0142na uroku. Idealna jako dekoracja sali, sto\u0142\u00f3w lub stylowy dodatek do prezentu dla Pary M\u0142odej.\",\"breadcrumb\":{\"@id\":\"https:\\\/\\\/partygo.waw.pl\\\/index.php\\\/product\\\/balony-z-helem-z-okazji-slubu\\\/#breadcrumb\"},\"inLanguage\":\"pl-PL\",\"potentialAction\":[{\"@type\":\"ReadAction\",\"target\":[\"https:\\\/\\\/partygo.waw.pl\\\/index.php\\\/product\\\/balony-z-helem-z-okazji-slubu\\\/\"]}]},{\"@type\":\"ImageObject\",\"inLanguage\":\"pl-PL\",\"@id\":\"https:\\\/\\\/partygo.waw.pl\\\/index.php\\\/product\\\/balony-z-helem-z-okazji-slubu\\\/#primaryimage\",\"url\":\"https:\\\/\\\/partygo.waw.pl\\\/wp-content\\\/uploads\\\/2026\\\/03\\\/1000015448.jpg\",\"contentUrl\":\"https:\\\/\\\/partygo.waw.pl\\\/wp-content\\\/uploads\\\/2026\\\/03\\\/1000015448.jpg\",\"width\":1025,\"height\":1344},{\"@type\":\"BreadcrumbList\",\"@id\":\"https:\\\/\\\/partygo.waw.pl\\\/index.php\\\/product\\\/balony-z-helem-z-okazji-slubu\\\/#breadcrumb\",\"itemListElement\":[{\"@type\":\"ListItem\",\"position\":1,\"name\":\"Strona g\u0142\u00f3wna\",\"item\":\"https:\\\/\\\/partygo.waw.pl\\\/\"},{\"@type\":\"ListItem\",\"position\":2,\"name\":\"Galeria&#038;Sklep\",\"item\":\"https:\\\/\\\/partygo.waw.pl\\\/index.php\\\/sklep\\\/\"},{\"@type\":\"ListItem\",\"position\":3,\"name\":\"Balony z helem z okazji \u015alubu\"}]},{\"@type\":\"WebSite\",\"@id\":\"https:\\\/\\\/partygo.waw.pl\\\/#website\",\"url\":\"https:\\\/\\\/partygo.waw.pl\\\/\",\"name\":\"PartyGo\",\"description\":\"Balony i dekoracje Warszawa Legionowo\",\"publisher\":{\"@id\":\"https:\\\/\\\/partygo.waw.pl\\\/#organization\"},\"potentialAction\":[{\"@type\":\"SearchAction\",\"target\":{\"@type\":\"EntryPoint\",\"urlTemplate\":\"https:\\\/\\\/partygo.waw.pl\\\/?s={search_term_string}\"},\"query-input\":{\"@type\":\"PropertyValueSpecification\",\"valueRequired\":true,\"valueName\":\"search_term_string\"}}],\"inLanguage\":\"pl-PL\"},{\"@type\":\"Organization\",\"@id\":\"https:\\\/\\\/partygo.waw.pl\\\/#organization\",\"name\":\"PartyGo\",\"url\":\"https:\\\/\\\/partygo.waw.pl\\\/\",\"logo\":{\"@type\":\"ImageObject\",\"inLanguage\":\"pl-PL\",\"@id\":\"https:\\\/\\\/partygo.waw.pl\\\/#\\\/schema\\\/logo\\\/image\\\/\",\"url\":\"https:\\\/\\\/partygo.waw.pl\\\/wp-content\\\/uploads\\\/2022\\\/10\\\/logo_party-2.jpg\",\"contentUrl\":\"https:\\\/\\\/partygo.waw.pl\\\/wp-content\\\/uploads\\\/2022\\\/10\\\/logo_party-2.jpg\",\"width\":300,\"height\":300,\"caption\":\"PartyGo\"},\"image\":{\"@id\":\"https:\\\/\\\/partygo.waw.pl\\\/#\\\/schema\\\/logo\\\/image\\\/\"},\"sameAs\":[\"https:\\\/\\\/www.facebook.com\\\/people\\\/Party-Go-Warszawa\\\/\"]}]}<\/script>\n<!-- \/ Yoast SEO plugin. -->","yoast_head_json":{"title":"Balony z helem z okazji \u015alubu - PartyGo","description":"Romantyczna kompozycja balonowa z helem na \u015blub \u2013 elegancka, lekka i pe\u0142na uroku. Idealna jako dekoracja sali, sto\u0142\u00f3w lub stylowy dodatek do prezentu dla Pary M\u0142odej.","robots":{"index":"index","follow":"follow","max-snippet":"max-snippet:-1","max-image-preview":"max-image-preview:large","max-video-preview":"max-video-preview:-1"},"canonical":"https:\/\/partygo.waw.pl\/index.php\/product\/balony-z-helem-z-okazji-slubu\/","og_locale":"pl_PL","og_type":"article","og_title":"Balony z helem z okazji \u015alubu - PartyGo","og_description":"Romantyczna kompozycja balonowa z helem na \u015blub \u2013 elegancka, lekka i pe\u0142na uroku. Idealna jako dekoracja sali, sto\u0142\u00f3w lub stylowy dodatek do prezentu dla Pary M\u0142odej.","og_url":"https:\/\/partygo.waw.pl\/index.php\/product\/balony-z-helem-z-okazji-slubu\/","og_site_name":"PartyGo","article_publisher":"https:\/\/www.facebook.com\/people\/Party-Go-Warszawa\/","article_modified_time":"2026-03-30T09:43:43+00:00","og_image":[{"width":1025,"height":1344,"url":"https:\/\/partygo.waw.pl\/wp-content\/uploads\/2026\/03\/1000015448.jpg","type":"image\/jpeg"}],"twitter_card":"summary_large_image","twitter_misc":{"Szacowany czas czytania":"1 minuta"},"schema":{"@context":"https:\/\/schema.org","@graph":[{"@type":"WebPage","@id":"https:\/\/partygo.waw.pl\/index.php\/product\/balony-z-helem-z-okazji-slubu\/","url":"https:\/\/partygo.waw.pl\/index.php\/product\/balony-z-helem-z-okazji-slubu\/","name":"Balony z helem z okazji \u015alubu - PartyGo","isPartOf":{"@id":"https:\/\/partygo.waw.pl\/#website"},"primaryImageOfPage":{"@id":"https:\/\/partygo.waw.pl\/index.php\/product\/balony-z-helem-z-okazji-slubu\/#primaryimage"},"image":{"@id":"https:\/\/partygo.waw.pl\/index.php\/product\/balony-z-helem-z-okazji-slubu\/#primaryimage"},"thumbnailUrl":"https:\/\/partygo.waw.pl\/wp-content\/uploads\/2026\/03\/1000015448.jpg","datePublished":"2026-03-30T09:43:10+00:00","dateModified":"2026-03-30T09:43:43+00:00","description":"Romantyczna kompozycja balonowa z helem na \u015blub \u2013 elegancka, lekka i pe\u0142na uroku. Idealna jako dekoracja sali, sto\u0142\u00f3w lub stylowy dodatek do prezentu dla Pary M\u0142odej.","breadcrumb":{"@id":"https:\/\/partygo.waw.pl\/index.php\/product\/balony-z-helem-z-okazji-slubu\/#breadcrumb"},"inLanguage":"pl-PL","potentialAction":[{"@type":"ReadAction","target":["https:\/\/partygo.waw.pl\/index.php\/product\/balony-z-helem-z-okazji-slubu\/"]}]},{"@type":"ImageObject","inLanguage":"pl-PL","@id":"https:\/\/partygo.waw.pl\/index.php\/product\/balony-z-helem-z-okazji-slubu\/#primaryimage","url":"https:\/\/partygo.waw.pl\/wp-content\/uploads\/2026\/03\/1000015448.jpg","contentUrl":"https:\/\/partygo.waw.pl\/wp-content\/uploads\/2026\/03\/1000015448.jpg","width":1025,"height":1344},{"@type":"BreadcrumbList","@id":"https:\/\/partygo.waw.pl\/index.php\/product\/balony-z-helem-z-okazji-slubu\/#breadcrumb","itemListElement":[{"@type":"ListItem","position":1,"name":"Strona g\u0142\u00f3wna","item":"https:\/\/partygo.waw.pl\/"},{"@type":"ListItem","position":2,"name":"Galeria&#038;Sklep","item":"https:\/\/partygo.waw.pl\/index.php\/sklep\/"},{"@type":"ListItem","position":3,"name":"Balony z helem z okazji \u015alubu"}]},{"@type":"WebSite","@id":"https:\/\/partygo.waw.pl\/#website","url":"https:\/\/partygo.waw.pl\/","name":"PartyGo","description":"Balony i dekoracje Warszawa Legionowo","publisher":{"@id":"https:\/\/partygo.waw.pl\/#organization"},"potentialAction":[{"@type":"SearchAction","target":{"@type":"EntryPoint","urlTemplate":"https:\/\/partygo.waw.pl\/?s={search_term_string}"},"query-input":{"@type":"PropertyValueSpecification","valueRequired":true,"valueName":"search_term_string"}}],"inLanguage":"pl-PL"},{"@type":"Organization","@id":"https:\/\/partygo.waw.pl\/#organization","name":"PartyGo","url":"https:\/\/partygo.waw.pl\/","logo":{"@type":"ImageObject","inLanguage":"pl-PL","@id":"https:\/\/partygo.waw.pl\/#\/schema\/logo\/image\/","url":"https:\/\/partygo.waw.pl\/wp-content\/uploads\/2022\/10\/logo_party-2.jpg","contentUrl":"https:\/\/partygo.waw.pl\/wp-content\/uploads\/2022\/10\/logo_party-2.jpg","width":300,"height":300,"caption":"PartyGo"},"image":{"@id":"https:\/\/partygo.waw.pl\/#\/schema\/logo\/image\/"},"sameAs":["https:\/\/www.facebook.com\/people\/Party-Go-Warszawa\/"]}]}},"_links":{"self":[{"href":"https:\/\/partygo.waw.pl\/index.php\/wp-json\/wp\/v2\/product\/1632","targetHints":{"allow":["GET"]}}],"collection":[{"href":"https:\/\/partygo.waw.pl\/index.php\/wp-json\/wp\/v2\/product"}],"about":[{"href":"https:\/\/partygo.waw.pl\/index.php\/wp-json\/wp\/v2\/types\/product"}],"replies":[{"embeddable":true,"href":"https:\/\/partygo.waw.pl\/index.php\/wp-json\/wp\/v2\/comments?post=1632"}],"wp:featuredmedia":[{"embeddable":true,"href":"https:\/\/partygo.waw.pl\/index.php\/wp-json\/wp\/v2\/media\/1629"}],"wp:attachment":[{"href":"https:\/\/partygo.waw.pl\/index.php\/wp-json\/wp\/v2\/media?parent=1632"}],"wp:term":[{"taxonomy":"product_brand","embeddable":true,"href":"https:\/\/partygo.waw.pl\/index.php\/wp-json\/wp\/v2\/product_brand?post=1632"},{"taxonomy":"product_cat","embeddable":true,"href":"https:\/\/partygo.waw.pl\/index.php\/wp-json\/wp\/v2\/product_cat?post=1632"},{"taxonomy":"product_tag","embeddable":true,"href":"https:\/\/partygo.waw.pl\/index.php\/wp-json\/wp\/v2\/product_tag?post=1632"}],"curies":[{"name":"wp","href":"https:\/\/api.w.org\/{rel}","templated":true}]}}